{"id":3862,"date":"2025-08-13T22:25:48","date_gmt":"2025-08-13T20:25:48","guid":{"rendered":"https:\/\/solidarity.international\/?page_id=3862"},"modified":"2025-08-18T09:43:43","modified_gmt":"2025-08-18T07:43:43","slug":"miedzynarodowy-tydzien-solidarnosci-z-uwiezionymi-anarchistami-i-anarchistkami","status":"publish","type":"page","link":"https:\/\/solidarity.international\/index.php\/miedzynarodowy-tydzien-solidarnosci-z-uwiezionymi-anarchistami-i-anarchistkami\/","title":{"rendered":"Mi\u0119dzynarodowy Tydzie\u0144 Solidarno\u015bci z Uwi\u0119zionymi Anarchistami i Anarchistkami 2025 \/\/ 23 &#8211; 30 sierpnia"},"content":{"rendered":"\n<figure class=\"wp-block-image size-large\"><img loading=\"lazy\" decoding=\"async\" width=\"745\" height=\"1024\" src=\"https:\/\/solidarity.international\/wp-content\/uploads\/2025\/08\/WOSWAP2025_polish_web-1-745x1024.jpg\" alt=\"\" class=\"wp-image-4027\" srcset=\"https:\/\/solidarity.international\/wp-content\/uploads\/2025\/08\/WOSWAP2025_polish_web-1-745x1024.jpg 745w, https:\/\/solidarity.international\/wp-content\/uploads\/2025\/08\/WOSWAP2025_polish_web-1-218x300.jpg 218w, https:\/\/solidarity.international\/wp-content\/uploads\/2025\/08\/WOSWAP2025_polish_web-1-768x1056.jpg 768w, https:\/\/solidarity.international\/wp-content\/uploads\/2025\/08\/WOSWAP2025_polish_web-1.jpg 800w\" sizes=\"auto, (max-width: 745px) 100vw, 745px\" \/><\/figure>\n\n\n\n<hr class=\"wp-block-separator has-alpha-channel-opacity\"\/>\n\n\n\n<p>Plakat do wydrukowania w wy\u017cszej rozdzielczo\u015bci:<\/p>\n\n\n\n<div class=\"wp-block-file\"><a id=\"wp-block-file--media-43a01a57-2e82-47b8-8e1a-3d38f59ac3ef\" href=\"https:\/\/solidarity.international\/wp-content\/uploads\/2025\/08\/WOSWAP2025_polish_print-1.pdf\">WOSWAP2025_polish_print<\/a><a href=\"https:\/\/solidarity.international\/wp-content\/uploads\/2025\/08\/WOSWAP2025_polish_print-1.pdf\" class=\"wp-block-file__button wp-element-button\" download aria-describedby=\"wp-block-file--media-43a01a57-2e82-47b8-8e1a-3d38f59ac3ef\">Download<\/a><\/div>\n\n\n\n<hr class=\"wp-block-separator has-alpha-channel-opacity\"\/>\n\n\n\n<h2 class=\"wp-block-heading\">Mi\u0119dzynarodowy Tydzie\u0144 Solidarno\u015bci z Uwi\u0119zionymi Anarchistami i Anarchistkami<\/h2>\n\n\n\n<p>Wzywamy was do organizowania akcji podczas Tygodnia Solidarno\u015bci z Uwi\u0119zionymi Anarchistami i Anarchistkami!<br>Prosimy o przes\u0142anie nam informacji o swoich wydarzeniach i dzia\u0142aniach na adres tillallarefree@riseup.net.<\/p>\n\n\n\n<p class=\"is-style-text-subtitle is-style-text-subtitle--1\"><strong>Przeciwko wi\u0119ziennictwu, w kierunku budowy relacji i powi\u0105za\u0144<\/strong><\/p>\n\n\n\n<p>Gdy stoimy przed wi\u0119zieniem, wita nas surowa rzeczywisto\u015b\u0107 alienacji i separacji. Mur, ogrodzenie, wie\u017ce stra\u017cnicze, kamery monitoringu, betonowe pud\u0142a i stalowe kraty maj\u0105ce na celu odseparowanie oskar\u017conych i \u201ewinnych\u201d od reszty spo\u0142ecze\u0144stwa, koncepcje resocjalizacji i pokuty skonstruowane w oparciu o ideologie pa\u0144stwowe w celu utrzymania i zabezpieczenia ich w\u0142adzy, aby zamrozi\u0107 terytoria o ustalonej to\u017csamo\u015bci narodowej i kara\u0107 wszystko, co nie mie\u015bci si\u0119 w ich poj\u0119ciach legalno\u015bci, post\u0119pu, moralno\u015bci i warto\u015bci kapitalistycznych. Chodzi o to, \u017ce kiedy stajemy przed murami wi\u0119zienia, zdajemy sobie spraw\u0119, \u017ce jest to konstrukcja, kt\u00f3rej mo\u017cna dotkn\u0105\u0107. To mur, to beton, to materia\u0142. Ci, kt\u00f3rzy j\u0105 utrzymuj\u0105, s\u0105 \u017cywymi istotami&#8230; Tak, wi\u0119zienia izoluj\u0105 nas, ale izoluj\u0105 nas na tyle, na ile im na to pozwolimy, gdy tylko je zaakceptujemy. \u015aciany staj\u0105 si\u0119 trwa\u0142e dla nas od zewn\u0105trz, gdy tylko zapomnimy si\u0119 i zaakceptujemy separacj\u0119, kt\u00f3r\u0105 narzucaj\u0105. Ci, kt\u00f3rzy znajduj\u0105 si\u0119 wewn\u0105trz cel, nie mog\u0105 o tym zapomnie\u0107, poniewa\u017c codziennie musz\u0105 si\u0119 konfrontowa\u0107 z surow\u0105 rzeczywisto\u015bci\u0105 \u017cycia w \u015brodku. Dop\u00f3ki istniej\u0105 pa\u0144stwa, b\u0119d\u0105 istnie\u0107 wi\u0119zienia, a my b\u0119dziemy l\u0105dowa\u0107 za ich murami.<\/p>\n\n\n\n<p>To poprzez zachowanie pami\u0119ci kontynuujemy walk\u0119 i \u017cycie poleg\u0142ych towarzysz_ek, niesiemy idee i dzia\u0142ania tych odseparowanych kratami i betonem, tworz\u0105c ci\u0105g\u0142o\u015b\u0107 i powi\u0105zania w nieko\u0144cz\u0105cych si\u0119 aktach oporu, kt\u00f3re sk\u0142adaj\u0105 si\u0119 na \u017cycie w poszukiwaniu wolno\u015bci. Wi\u0119zienia i walki, kt\u00f3re tocz\u0105 si\u0119 w ich murach, s\u0105 sta\u0142ym wk\u0142adem w t\u0119 zbiorow\u0105 pami\u0119\u0107 oporu.<\/p>\n\n\n\n<p>Czy to w trzewiach totalitarnych dyktatur, czy w sercu \u201esocjaldemokracji\u201d, gdzie przemoc pa\u0144stwa ma inny posmak, pa\u0144stwa nie s\u0105 w stanie z\u0142apa\u0107 wytchnienia, pr\u00f3buj\u0105c ugasi\u0107 ogie\u0144 niesubordynacji i oporu. Nawet samo posiadanie idei, kt\u00f3re podwa\u017caj\u0105 konstrukty w\u0142adzy, mo\u017ce umie\u015bci\u0107 ci\u0119 na celowniku, pod pozornie wszechobecnym spojrzeniem pa\u0144stwa.<\/p>\n\n\n\n<p>Solidarno\u015b\u0107 postrzegamy w jej wielu formach &#8211; od relacji i przyja\u017ani, przez wymian\u0119 pogl\u0105d\u00f3w i dialog, po wsp\u00f3lne momenty ataku &#8211; nasi towarzysze i towarzyszki nie pozostaj\u0105 odizolowan_e, ale nieustannie oddychaj\u0105 cz\u0119\u015bci\u0105 naszych zmaga\u0144.<\/p>\n\n\n\n<p>W solidarno\u015bci z tymi, kt\u00f3rzy przedostaj\u0105 si\u0119 przez mury graniczne, tymi, kt\u00f3rzy uciekaj\u0105, na wygnaniu, w najg\u0142\u0119bszych celach izolacyjnych, tymi, kt\u00f3rzy zgin\u0119li w akcji, kryminalizowanymi.<\/p>\n\n\n\n<p><strong>Przeciwko wszystkim wi\u0119zieniom.<\/strong><\/p>\n\n\n\n<p><strong>Wybieramy \u017cycie w napi\u0119ciu i niesubordynacji w poszukiwaniu relacji i powi\u0105za\u0144.<\/strong><\/p>\n\n\n\n<p><strong>Nie mo\u017cna pogrzeba\u0107 si\u0142y \u017cycia!<\/strong><\/p>\n\n\n\n<p><\/p>\n","protected":false},"excerpt":{"rendered":"<p>Plakat do wydrukowania w wy\u017cszej rozdzielczo\u015bci: Mi\u0119dzynarodowy Tydzie\u0144 Solidarno\u015bci z Uwi\u0119zionymi Anarchistami i Anarchistkami Wzywamy was do organizowania akcji podczas Tygodnia Solidarno\u015bci z Uwi\u0119zionymi Anarchistami i Anarchistkami!Prosimy o przes\u0142anie nam informacji o swoich wydarzeniach i dzia\u0142aniach na adres tillallarefree@riseup.net. Przeciwko wi\u0119ziennictwu, w kierunku budowy relacji i powi\u0105za\u0144 Gdy stoimy przed wi\u0119zieniem, wita nas surowa rzeczywisto\u015b\u0107 [&hellip;]<\/p>\n","protected":false},"author":2,"featured_media":0,"parent":0,"menu_order":0,"comment_status":"closed","ping_status":"closed","template":"","meta":{"footnotes":""},"class_list":["post-3862","page","type-page","status-publish","hentry"],"_links":{"self":[{"href":"https:\/\/solidarity.international\/index.php\/wp-json\/wp\/v2\/pages\/3862","targetHints":{"allow":["GET"]}}],"collection":[{"href":"https:\/\/solidarity.international\/index.php\/wp-json\/wp\/v2\/pages"}],"about":[{"href":"https:\/\/solidarity.international\/index.php\/wp-json\/wp\/v2\/types\/page"}],"author":[{"embeddable":true,"href":"https:\/\/solidarity.international\/index.php\/wp-json\/wp\/v2\/users\/2"}],"replies":[{"embeddable":true,"href":"https:\/\/solidarity.international\/index.php\/wp-json\/wp\/v2\/comments?post=3862"}],"version-history":[{"count":2,"href":"https:\/\/solidarity.international\/index.php\/wp-json\/wp\/v2\/pages\/3862\/revisions"}],"predecessor-version":[{"id":4030,"href":"https:\/\/solidarity.international\/index.php\/wp-json\/wp\/v2\/pages\/3862\/revisions\/4030"}],"wp:attachment":[{"href":"https:\/\/solidarity.international\/index.php\/wp-json\/wp\/v2\/media?parent=3862"}],"curies":[{"name":"wp","href":"https:\/\/api.w.org\/{rel}","templated":true}]}}