{"id":3834,"date":"2025-08-08T16:47:31","date_gmt":"2025-08-08T14:47:31","guid":{"rendered":"https:\/\/solidarity.international\/?page_id=3834"},"modified":"2025-08-08T16:47:33","modified_gmt":"2025-08-08T14:47:33","slug":"settimana-internazionale-di-solidarieta-con-l-prigionier-anarchic-2025-23-30-agosto","status":"publish","type":"page","link":"https:\/\/solidarity.international\/index.php\/settimana-internazionale-di-solidarieta-con-l-prigionier-anarchic-2025-23-30-agosto\/","title":{"rendered":"Settimana internazionale di solidariet\u00e0 con l* prigionier* anarchic* 2025 \/\/ 23 &#8211; 30 agosto"},"content":{"rendered":"\n<figure class=\"wp-block-image size-large\"><img loading=\"lazy\" decoding=\"async\" width=\"745\" height=\"1024\" src=\"https:\/\/solidarity.international\/wp-content\/uploads\/2025\/08\/WOSWAP2025_italian_web-745x1024.jpg\" alt=\"\" class=\"wp-image-3835\" srcset=\"https:\/\/solidarity.international\/wp-content\/uploads\/2025\/08\/WOSWAP2025_italian_web-745x1024.jpg 745w, https:\/\/solidarity.international\/wp-content\/uploads\/2025\/08\/WOSWAP2025_italian_web-218x300.jpg 218w, https:\/\/solidarity.international\/wp-content\/uploads\/2025\/08\/WOSWAP2025_italian_web-768x1056.jpg 768w, https:\/\/solidarity.international\/wp-content\/uploads\/2025\/08\/WOSWAP2025_italian_web.jpg 800w\" sizes=\"auto, (max-width: 745px) 100vw, 745px\" \/><\/figure>\n\n\n\n<hr class=\"wp-block-separator has-alpha-channel-opacity\"\/>\n\n\n\n<p>Poster da stampare in alta risoluzione:<\/p>\n\n\n\n<div class=\"wp-block-file\"><a id=\"wp-block-file--media-6f038580-5b6f-486b-9fdb-fcfa46c68a36\" href=\"https:\/\/solidarity.international\/wp-content\/uploads\/2025\/08\/WOSWAP2025_-Italian_print.pdf\">WOSWAP2025_ Italian_print<\/a><a href=\"https:\/\/solidarity.international\/wp-content\/uploads\/2025\/08\/WOSWAP2025_-Italian_print.pdf\" class=\"wp-block-file__button wp-element-button\" download aria-describedby=\"wp-block-file--media-6f038580-5b6f-486b-9fdb-fcfa46c68a36\">Download<\/a><\/div>\n\n\n\n<hr class=\"wp-block-separator has-alpha-channel-opacity\"\/>\n\n\n\n<h2 class=\"wp-block-heading\"><strong><strong>Settimana internazionale di solidariet\u00e0 con l* prigionier* anarchic* 2025<\/strong><\/strong><\/h2>\n\n\n\n<p>Chiamata per azioni durante la settimana internazionale di solidariet\u00e0 con l* prigionier* anarchic*!<br>Inviateci i vostri eventi e le vostre iniziative all&#8217;indirizzo tillallarefree@riseup.net.<\/p>\n\n\n\n<p class=\"is-style-text-subtitle is-style-text-subtitle--1\"><strong>Contro la societ\u00e0 carceraria, creiamo legami<\/strong><\/p>\n\n\n\n<p>Quando ci fermiamo fuori da una prigione ci ritroviamo al confronto con la dura realt\u00e0 dell&#8217;alienazione e della separazione. Un muro, una recinzione, torri di controllo, telecamere di sicurezza, scatole di cemento e gabbie di acciaio con l&#8217;obiettivo di mantenere l* accusat* e \u201ccolpevoli\u201d isolat* dal resto della societ\u00e0.<\/p>\n\n\n\n<p>Concetti come riabilitazione e pentimento sono costruiti dalle ideologie proprie degli stati con l&#8217;obettivo di mantenere e assicurare il proprio potere, immobilizzare i territori sotto un&#8217;identit\u00e0 nazionale e punire tutto ci\u00f2 che non rientri nelle loro concezioni di legalit\u00e0, progresso, morale e valori capitalisti.<\/p>\n\n\n\n<p>Il fatto \u00e8, che una volta fuori dalle mura della prgione, possiamo renderci conto che questa altro non \u00e8 che una costruzione tangibile. \u00c8 un muro, \u00e8 cemento, \u00e8 materia. Coloro che la mantengono in piedi sono esseri viventi&#8230; Si, la prigione ci isola ma solo nella misura in cui noi glielo permettiamo. Non appena ci dimentichiamo di questo e accettiamo la separazione che ci viene imposta, i muri diventano solidi e permanenti. Coloro che restano dentro le mura, invece, non possono dimenticarsene poich\u00e9 devono confrontarsi quotidianamente con la dura realt\u00e0 della vita reclusa. Fin quando esisteranno gli Stati esisteranno le prigioni e noi ci ritroveremo richius* tra le loro mura.<\/p>\n\n\n\n<p>\u00c8 attraverso la memoria dell* compagn* che ci hanno preceduto che continuiamo la lotta, portiamo avanti le idee e le azioni di chi si trova confinat* da gabbie e cemento e creiamo continuit\u00e0 e legami attraverso una infinit\u00e0 di atti di resistenza che si conformano a una vita alla ricerca di libert\u00e0. Le prigioni e le lotte all&#8217;interno di esse sono un contributo costante a questa memoria collettiva di resistenza.<\/p>\n\n\n\n<p>Sia nelle viscere delle dittature totalitarie, sia nel cuore di una &#8220;social-democrazia&#8221;, dove la violenza statale ha un sapore diverso, ogni stato cerca di spegnere ogni fuoco di insubordnazione o resistenza. Tutte le idee che vanno oltre i loro costrutti possono finire nel loro mirino, sotto il loro sguardo apparentemente onnipresente.<\/p>\n\n\n\n<p>Possiamo riconoscere la solidariet\u00e0 sotto una molteplicit\u00e0 di forme: legami, amicizie, scambi di idee e dialoghi e momenti di attacco condivisi. L* nostr* compagn* non sono isolat*, al contrario, sono parte viva e attiva nelle nostre lotte.<\/p>\n\n\n\n<p>In solidariet\u00e0 con tutt* coloro che attraversano clandestinamente i muri delle frontiere, con chi \u00e8 latitante, con chi \u00e8 in esilio e chi si trova isolat* nelle pi\u00f9 profonde celle di isolamento, cos\u00ec come con coloro che sono mort* in azione o sono criminalizzat*.<\/p>\n\n\n\n<p><strong>Contro tutte e prigioni<\/strong><\/p>\n\n\n\n<p><strong>Abbiamo scelto una vita di tensione e insubordinazione alla ricerca di legami reali.<\/strong><\/p>\n\n\n\n<p><strong>La forza della vita non si pu\u00f2 seppellire!<\/strong><\/p>\n","protected":false},"excerpt":{"rendered":"<p>Poster da stampare in alta risoluzione: Settimana internazionale di solidariet\u00e0 con l* prigionier* anarchic* 2025 Chiamata per azioni durante la settimana internazionale di solidariet\u00e0 con l* prigionier* anarchic*!Inviateci i vostri eventi e le vostre iniziative all&#8217;indirizzo tillallarefree@riseup.net. Contro la societ\u00e0 carceraria, creiamo legami Quando ci fermiamo fuori da una prigione ci ritroviamo al confronto con [&hellip;]<\/p>\n","protected":false},"author":2,"featured_media":0,"parent":0,"menu_order":0,"comment_status":"closed","ping_status":"closed","template":"","meta":{"footnotes":""},"class_list":["post-3834","page","type-page","status-publish","hentry"],"_links":{"self":[{"href":"https:\/\/solidarity.international\/index.php\/wp-json\/wp\/v2\/pages\/3834","targetHints":{"allow":["GET"]}}],"collection":[{"href":"https:\/\/solidarity.international\/index.php\/wp-json\/wp\/v2\/pages"}],"about":[{"href":"https:\/\/solidarity.international\/index.php\/wp-json\/wp\/v2\/types\/page"}],"author":[{"embeddable":true,"href":"https:\/\/solidarity.international\/index.php\/wp-json\/wp\/v2\/users\/2"}],"replies":[{"embeddable":true,"href":"https:\/\/solidarity.international\/index.php\/wp-json\/wp\/v2\/comments?post=3834"}],"version-history":[{"count":1,"href":"https:\/\/solidarity.international\/index.php\/wp-json\/wp\/v2\/pages\/3834\/revisions"}],"predecessor-version":[{"id":3837,"href":"https:\/\/solidarity.international\/index.php\/wp-json\/wp\/v2\/pages\/3834\/revisions\/3837"}],"wp:attachment":[{"href":"https:\/\/solidarity.international\/index.php\/wp-json\/wp\/v2\/media?parent=3834"}],"curies":[{"name":"wp","href":"https:\/\/api.w.org\/{rel}","templated":true}]}}

Settimana internazionale di solidarietà con l* prigionier* anarchic* 2025 // 23 &#8211; 30 agosto

<figure class="wp-block-image size-large"><img loading="lazy" decoding="async" width="745" height="1024" src="https://solidarity.international/wp-content/uploads/2025/08/WOSWAP2025_italian_web-745x1024.jpg" alt="" class="wp-image-3835" srcset="https://solidarity.international/wp-content/uploads/2025/08/WOSWAP2025_italian_web-745x1024.jpg 745w, https://solidarity.international/wp-content/uploads/2025/08/WOSWAP2025_italian_web-218x300.jpg 218w, https://solidarity.international/wp-content/uploads/2025/08/WOSWAP2025_italian_web-768x1056.jpg 768w, https://solidarity.international/wp-content/uploads/2025/08/WOSWAP2025_italian_web.jpg 800w" sizes="auto, (max-width: 745px) 100vw, 745px" /></figure>



<hr class="wp-block-separator has-alpha-channel-opacity"/>



<p>Poster da stampare in alta risoluzione:</p>



<div class="wp-block-file"><a id="wp-block-file--media-6f038580-5b6f-486b-9fdb-fcfa46c68a36" href="https://solidarity.international/wp-content/uploads/2025/08/WOSWAP2025_-Italian_print.pdf">WOSWAP2025_ Italian_print</a><a href="https://solidarity.international/wp-content/uploads/2025/08/WOSWAP2025_-Italian_print.pdf" class="wp-block-file__button wp-element-button" download aria-describedby="wp-block-file--media-6f038580-5b6f-486b-9fdb-fcfa46c68a36">Download</a></div>



<hr class="wp-block-separator has-alpha-channel-opacity"/>



<h2 class="wp-block-heading"><strong><strong>Settimana internazionale di solidarietà con l* prigionier* anarchic* 2025</strong></strong></h2>



<p>Chiamata per azioni durante la settimana internazionale di solidarietà con l* prigionier* anarchic*!<br>Inviateci i vostri eventi e le vostre iniziative all&#8217;indirizzo tillallarefree@riseup.net.</p>



<p class="is-style-text-subtitle is-style-text-subtitle--1"><strong>Contro la società carceraria, creiamo legami</strong></p>



<p>Quando ci fermiamo fuori da una prigione ci ritroviamo al confronto con la dura realtà dell&#8217;alienazione e della separazione. Un muro, una recinzione, torri di controllo, telecamere di sicurezza, scatole di cemento e gabbie di acciaio con l&#8217;obiettivo di mantenere l* accusat* e “colpevoli” isolat* dal resto della società.</p>



<p>Concetti come riabilitazione e pentimento sono costruiti dalle ideologie proprie degli stati con l&#8217;obettivo di mantenere e assicurare il proprio potere, immobilizzare i territori sotto un&#8217;identità nazionale e punire tutto ciò che non rientri nelle loro concezioni di legalità, progresso, morale e valori capitalisti.</p>



<p>Il fatto è, che una volta fuori dalle mura della prgione, possiamo renderci conto che questa altro non è che una costruzione tangibile. È un muro, è cemento, è materia. Coloro che la mantengono in piedi sono esseri viventi&#8230; Si, la prigione ci isola ma solo nella misura in cui noi glielo permettiamo. Non appena ci dimentichiamo di questo e accettiamo la separazione che ci viene imposta, i muri diventano solidi e permanenti. Coloro che restano dentro le mura, invece, non possono dimenticarsene poiché devono confrontarsi quotidianamente con la dura realtà della vita reclusa. Fin quando esisteranno gli Stati esisteranno le prigioni e noi ci ritroveremo richius* tra le loro mura.</p>



<p>È attraverso la memoria dell* compagn* che ci hanno preceduto che continuiamo la lotta, portiamo avanti le idee e le azioni di chi si trova confinat* da gabbie e cemento e creiamo continuità e legami attraverso una infinità di atti di resistenza che si conformano a una vita alla ricerca di libertà. Le prigioni e le lotte all&#8217;interno di esse sono un contributo costante a questa memoria collettiva di resistenza.</p>



<p>Sia nelle viscere delle dittature totalitarie, sia nel cuore di una &#8220;social-democrazia&#8221;, dove la violenza statale ha un sapore diverso, ogni stato cerca di spegnere ogni fuoco di insubordnazione o resistenza. Tutte le idee che vanno oltre i loro costrutti possono finire nel loro mirino, sotto il loro sguardo apparentemente onnipresente.</p>



<p>Possiamo riconoscere la solidarietà sotto una molteplicità di forme: legami, amicizie, scambi di idee e dialoghi e momenti di attacco condivisi. L* nostr* compagn* non sono isolat*, al contrario, sono parte viva e attiva nelle nostre lotte.</p>



<p>In solidarietà con tutt* coloro che attraversano clandestinamente i muri delle frontiere, con chi è latitante, con chi è in esilio e chi si trova isolat* nelle più profonde celle di isolamento, così come con coloro che sono mort* in azione o sono criminalizzat*.</p>



<p><strong>Contro tutte e prigioni</strong></p>



<p><strong>Abbiamo scelto una vita di tensione e insubordinazione alla ricerca di legami reali.</strong></p>



<p><strong>La forza della vita non si può seppellire!</strong></p>

<p>Poster da stampare in alta risoluzione: Settimana internazionale di solidarietà con l* prigionier* anarchic* 2025 Chiamata per azioni durante la settimana internazionale di solidarietà con l* prigionier* anarchic*!Inviateci i vostri eventi e le vostre iniziative all&#8217;indirizzo tillallarefree@riseup.net. Contro la società carceraria, creiamo legami Quando ci fermiamo fuori da una prigione ci ritroviamo al confronto con [&hellip;]</p>
