{"id":3829,"date":"2025-08-09T09:34:59","date_gmt":"2025-08-09T07:34:59","guid":{"rendered":"https:\/\/solidarity.international\/?page_id=3829"},"modified":"2025-08-09T09:35:36","modified_gmt":"2025-08-09T07:35:36","slug":"internationale-woche-der-solidaritat-mit-anarchistischen-gefangenen-2025-23-30-august","status":"publish","type":"page","link":"https:\/\/solidarity.international\/index.php\/internationale-woche-der-solidaritat-mit-anarchistischen-gefangenen-2025-23-30-august\/","title":{"rendered":"Internationale Woche der Solidarit\u00e4t mit anarchistischen Gefangenen 2025 \/\/ 23 &#8211; 30 August"},"content":{"rendered":"\n<figure class=\"wp-block-image size-large\"><img loading=\"lazy\" decoding=\"async\" width=\"745\" height=\"1024\" src=\"https:\/\/solidarity.international\/wp-content\/uploads\/2025\/08\/WOSWAP2025_german_web-745x1024.jpg\" alt=\"\" class=\"wp-image-3830\" srcset=\"https:\/\/solidarity.international\/wp-content\/uploads\/2025\/08\/WOSWAP2025_german_web-745x1024.jpg 745w, https:\/\/solidarity.international\/wp-content\/uploads\/2025\/08\/WOSWAP2025_german_web-218x300.jpg 218w, https:\/\/solidarity.international\/wp-content\/uploads\/2025\/08\/WOSWAP2025_german_web-768x1056.jpg 768w, https:\/\/solidarity.international\/wp-content\/uploads\/2025\/08\/WOSWAP2025_german_web.jpg 800w\" sizes=\"auto, (max-width: 745px) 100vw, 745px\" \/><\/figure>\n\n\n\n<hr class=\"wp-block-separator has-alpha-channel-opacity\"\/>\n\n\n\n<p>Poster in hoher Aufl\u00f6sung f\u00fcr den Druck:<\/p>\n\n\n\n<div class=\"wp-block-file\"><a id=\"wp-block-file--media-5d299ab8-d062-4485-9503-c560165b406b\" href=\"https:\/\/solidarity.international\/wp-content\/uploads\/2025\/08\/WOSWAP2025_-german_print.pdf\">WOSWAP2025_ german_print<\/a><a href=\"https:\/\/solidarity.international\/wp-content\/uploads\/2025\/08\/WOSWAP2025_-german_print.pdf\" class=\"wp-block-file__button wp-element-button\" download aria-describedby=\"wp-block-file--media-5d299ab8-d062-4485-9503-c560165b406b\">Download<\/a><\/div>\n\n\n\n<hr class=\"wp-block-separator has-alpha-channel-opacity\"\/>\n\n\n\n<h2 class=\"wp-block-heading\"><strong>Internationale Woche der Solidarit\u00e4t mit anarchsitischen Gefangenen 2025<\/strong><\/h2>\n\n\n\n<p>Wir rufen euch auf zu Aktionen und Events f\u00fcr die Internationale Woche der Solidarit\u00e4t mit Anarchistischen Gefangenen!<br>Bitte schickt unds eure Aktionen und Veranstaltungen an tillallarefree@riseup.net.<\/p>\n\n\n\n<p class=\"is-style-text-subtitle is-style-text-subtitle--1\"><strong>Gegen die Gef\u00e4ngnisgesellschaft, f\u00fcr Zusammenhalt<\/strong><\/p>\n\n\n\n<p>Wenn wir vor dem Gef\u00e4ngnis stehen, werden wir mit der nackten Realit\u00e4t der Entfremdung und Isolation konfrontiert. Eine Mauer, ein Zaun, Wacht\u00fcrme, \u00dcberwachungskameras, Betonk\u00e4sten und Stahlk\u00e4fige, die dazu dienen, die Angeklagten und \u201eSchuldigen\u201d vom Rest der Gesellschaft fernzuhalten \u2013 Konzepte der Resozialisierung und Reue, die aus Ideologien von Staaten konstruiert wurden, um ihre Macht zu erhalten und zu sichern, um Territorien mit festen nationalen Identit\u00e4ten einzufrieren und alles zu bestrafen, was au\u00dferhalb ihrer Vorstellungen von Legalit\u00e4t, Fortschritt, Moral und kapitalistischen Werten liegt. Die Sache ist die: Sobald wir au\u00dferhalb der Mauern des Gef\u00e4ngnisses stehen, erkennen wir, dass es sich um eine greifbare Konstruktion handelt. Es ist eine Mauer, sie ist aus Beton, sie ist materiell. Diejenigen, die sie funktionsf\u00e4hig halten, sind Lebewesen&#8230; Ja, Gef\u00e4ngnisse isolieren uns, aber sie isolieren uns nur so sehr, wie wir es zulassen, so lange wir sie akzeptieren. Die Mauern werden f\u00fcr uns Au\u00dfenstehende fest und dauerhaft, sobald wir die vergessen und die Trennung akzeptieren, die sie uns auferlegen. Diejenigen innerhalb der K\u00e4fige k\u00f6nnen nicht vergessen, da sie jeden Tag mit der harten Realit\u00e4t des Lebens im Inneren konfrontiert sind. Solange es Staaten gibt, wird es Gef\u00e4ngnisse geben, und wir werden uns innerhalb ihrer Mauern wiederfinden.<\/p>\n\n\n\n<p>Indem wir die Erinnerung weiter tragen, setzen wir den Kampf und das Leben der Gef\u00e4hrt*innen fort, die vor uns gestorben sind. Wir tragen die Ideen und Taten derer weiter, die durch K\u00e4fige und Beton von uns getrennt sind, und schaffen so Kontinuit\u00e4t und Verbindung in den endlosen Akten des Widerstands, die ein Leben auf der Suche nach Freiheit ausmachen. Gef\u00e4ngnisse und die K\u00e4mpfe, die innerhalb ihrer Mauern stattfinden, sind ein st\u00e4ndiger Beitrag zu diesem kollektiven Ged\u00e4chtnis des Widerstands.<\/p>\n\n\n\n<p>Ob in den Tiefen totalit\u00e4rer Diktaturen oder im Herzen der \u201eSozialdemokratie\u201c, wo staatliche Gewalt einen anderen Geschmack hat, die Staaten versuchen mit aller Kraft, die Feuer der Auflehnung und des Widerstands zu l\u00f6schen, wo schon allein Ideen, die ihre Konstrukte durchdringen, einen ins Fadenkreuz bringen k\u00f6nnen, unter ihren manchmal allgegenw\u00e4rtig erscheinenden Blicken.<\/p>\n\n\n\n<p>Wir erkennen Solidarit\u00e4t in ihren vielen Formen an \u2013 von Verbindungen und Freund*innenschaften \u00fcber den Austausch von Ideen und Dialog bis hin zu gemeinsamen Momenten des Angriffs \u2013 unsere Gef\u00e4hrt*innen bleiben nicht isoliert, sondern sind lebendige Teile unserer K\u00e4mpfe.<\/p>\n\n\n\n<p>In Solidarit\u00e4t mit denen, die sich \u00fcber die Grenzmauern schleichen, mit denen, die auf der Flucht sind, im Exil, in den tiefsten Isolationskammern der Einzelhaft, mit denen, die im Kampf gestorben sind, mit den Kriminalisierten.<\/p>\n\n\n\n<p><strong>Gegen alle Gef\u00e4ngnisse.<\/strong><\/p>\n\n\n\n<p><strong>Wir w\u00e4hlen ein Leben in Spannung und Ungehorsam auf der Suche nach Zusammenhalt.<\/strong><\/p>\n\n\n\n<p><strong>Die Kraft des Lebens kann man nicht begraben!<\/strong><\/p>\n","protected":false},"excerpt":{"rendered":"<p>Poster in hoher Aufl\u00f6sung f\u00fcr den Druck: Internationale Woche der Solidarit\u00e4t mit anarchsitischen Gefangenen 2025 Wir rufen euch auf zu Aktionen und Events f\u00fcr die Internationale Woche der Solidarit\u00e4t mit Anarchistischen Gefangenen!Bitte schickt unds eure Aktionen und Veranstaltungen an tillallarefree@riseup.net. Gegen die Gef\u00e4ngnisgesellschaft, f\u00fcr Zusammenhalt Wenn wir vor dem Gef\u00e4ngnis stehen, werden wir mit der [&hellip;]<\/p>\n","protected":false},"author":2,"featured_media":0,"parent":0,"menu_order":0,"comment_status":"closed","ping_status":"closed","template":"","meta":{"footnotes":""},"class_list":["post-3829","page","type-page","status-publish","hentry"],"_links":{"self":[{"href":"https:\/\/solidarity.international\/index.php\/wp-json\/wp\/v2\/pages\/3829","targetHints":{"allow":["GET"]}}],"collection":[{"href":"https:\/\/solidarity.international\/index.php\/wp-json\/wp\/v2\/pages"}],"about":[{"href":"https:\/\/solidarity.international\/index.php\/wp-json\/wp\/v2\/types\/page"}],"author":[{"embeddable":true,"href":"https:\/\/solidarity.international\/index.php\/wp-json\/wp\/v2\/users\/2"}],"replies":[{"embeddable":true,"href":"https:\/\/solidarity.international\/index.php\/wp-json\/wp\/v2\/comments?post=3829"}],"version-history":[{"count":3,"href":"https:\/\/solidarity.international\/index.php\/wp-json\/wp\/v2\/pages\/3829\/revisions"}],"predecessor-version":[{"id":3841,"href":"https:\/\/solidarity.international\/index.php\/wp-json\/wp\/v2\/pages\/3829\/revisions\/3841"}],"wp:attachment":[{"href":"https:\/\/solidarity.international\/index.php\/wp-json\/wp\/v2\/media?parent=3829"}],"curies":[{"name":"wp","href":"https:\/\/api.w.org\/{rel}","templated":true}]}}