{"id":3825,"date":"2025-08-08T14:47:43","date_gmt":"2025-08-08T12:47:43","guid":{"rendered":"https:\/\/solidarity.international\/?page_id=3825"},"modified":"2025-08-08T14:47:43","modified_gmt":"2025-08-08T12:47:43","slug":"semaine-internationale-de-solidarite-avec-les-prisonnier-es-anarchistes-2025-23-30-aout-2025","status":"publish","type":"page","link":"https:\/\/solidarity.international\/index.php\/semaine-internationale-de-solidarite-avec-les-prisonnier-es-anarchistes-2025-23-30-aout-2025\/","title":{"rendered":"Semaine internationale de solidarit\u00e9 avec les prisonnier-es anarchistes 2025 \/\/ 23 &#8211; 30 ao\u00fbt 2025"},"content":{"rendered":"\n<figure class=\"wp-block-image size-large\"><img loading=\"lazy\" decoding=\"async\" width=\"745\" height=\"1024\" src=\"https:\/\/solidarity.international\/wp-content\/uploads\/2025\/08\/WOSWAP2025_french_web-745x1024.jpg\" alt=\"\" class=\"wp-image-3826\" srcset=\"https:\/\/solidarity.international\/wp-content\/uploads\/2025\/08\/WOSWAP2025_french_web-745x1024.jpg 745w, https:\/\/solidarity.international\/wp-content\/uploads\/2025\/08\/WOSWAP2025_french_web-218x300.jpg 218w, https:\/\/solidarity.international\/wp-content\/uploads\/2025\/08\/WOSWAP2025_french_web-768x1056.jpg 768w, https:\/\/solidarity.international\/wp-content\/uploads\/2025\/08\/WOSWAP2025_french_web.jpg 800w\" sizes=\"auto, (max-width: 745px) 100vw, 745px\" \/><\/figure>\n\n\n\n<hr class=\"wp-block-separator has-alpha-channel-opacity\"\/>\n\n\n\n<p>Affiche \u00e0 imprimer en haute r\u00e9solution :<\/p>\n\n\n\n<div class=\"wp-block-file\"><a id=\"wp-block-file--media-763119d4-9b07-42f3-97f5-db4475a3da64\" href=\"https:\/\/solidarity.international\/wp-content\/uploads\/2025\/08\/WOSWAP2025_-French_print.pdf\">WOSWAP2025_ French_print<\/a><a href=\"https:\/\/solidarity.international\/wp-content\/uploads\/2025\/08\/WOSWAP2025_-French_print.pdf\" class=\"wp-block-file__button wp-element-button\" download aria-describedby=\"wp-block-file--media-763119d4-9b07-42f3-97f5-db4475a3da64\">Download<\/a><\/div>\n\n\n\n<hr class=\"wp-block-separator has-alpha-channel-opacity\"\/>\n\n\n\n<h2 class=\"wp-block-heading\"><strong><strong>Semaine internationale de solidarit\u00e9 avec les prisonnier-es anarchistes 2025<\/strong><\/strong><\/h2>\n\n\n\n<p>Nous vous appelons \u00e0 passer \u00e0 l\u2019action durant la Semaine de solidarit\u00e9 avec les prisonnier-es anarchistes!<br>Envoyez-nous vos \u00e9v\u00e9nements et actions \u00e0 tillallarefree@riseup.net.<\/p>\n\n\n\n<p class=\"is-style-text-subtitle is-style-text-subtitle--1\"><strong><strong>Contre la soci\u00e9t\u00e9 carc\u00e9rale, cr\u00e9ons des liens<\/strong><\/strong><\/p>\n\n\n\n<p>En nous tenant \u00e0 l\u2019ext\u00e9rieur des prisons, nous sommes confront\u00e9-es \u00e0 la r\u00e9alit\u00e9 brute de l\u2019ali\u00e9nation et de la s\u00e9paration. Un mur, une cl\u00f4ture, des miradors, des cam\u00e9ras de surveillance, des bo\u00eetes de b\u00e9ton et des cages d\u2019acier destin\u00e9s \u00e0 maintenir les accus\u00e9-es et les &#8220;coupables&#8221; s\u00e9par\u00e9-es du reste de la soci\u00e9t\u00e9. Des concepts de r\u00e9habilitation et de repentance construits \u00e0 partir d\u2019id\u00e9ologies \u00e9tatiques tentent de conserver et s\u00e9curiser leur pouvoir, pour figer les territoires avec des identit\u00e9s nationales fixes et punir tout ce qui \u00e9chappe \u00e0 leurs notions de l\u00e9galit\u00e9, de progr\u00e8s, de moralit\u00e9 et de valeur capitaliste. Mais le fait est que, d\u00e8s que nous sommes devant les murs d&#8217;une&nbsp; prison, nous r\u00e9alisons que c\u2019est une construction tangible. C\u2019est un mur, c\u2019est du b\u00e9ton, c\u2019est mat\u00e9riel. Ceux qui la font fonctionner sont des \u00eatres vivants\u2026 Oui, les prisons nous isolent, mais elles nous isolent autant que nous les laissons faire, d\u00e8s que nous les acceptons. Ceux qui sont \u00e0 l\u2019int\u00e9rieur des bo\u00eetes ne peuvent pas oublier, car ils sont quotidiennement confront\u00e9-es \u00e0 la dure r\u00e9alit\u00e9 de la vie enferm\u00e9e. Tant que les \u00e9tats existeront, il y aura des prisons, et nous nous retrouverons dans leurs murs.<\/p>\n\n\n\n<p>C\u2019est en faisant vivre la m\u00e9moire que nous poursuivons la lutte et la vie des camarades qui sont mort-es avant nous, que nous portons les id\u00e9es et les actions de celleux qui sont s\u00e9par\u00e9-es par des cages et du b\u00e9ton, cr\u00e9ant continuit\u00e9 et connexion dans les actes infinis de r\u00e9sistance qui composent une vie en qu\u00eate de libert\u00e9. Les prisons et les luttes qui s\u2019y d\u00e9roulent contribuent en permanence \u00e0 cette m\u00e9moire collective de la r\u00e9sistance.<\/p>\n\n\n\n<p>Que ce soit dans des dictatures totalitaires ou au c\u0153ur de la &#8220;social-d\u00e9mocratie&#8221; o\u00f9 la violence d\u2019\u00c9tat prend une autre saveur, les \u00c9tats n\u2019h\u00e9sitent jamais \u00e0 \u00e9teindre les foyers de subordination et de r\u00e9sistance, l\u00e0 o\u00f9 m\u00eame le fait de porter des id\u00e9es qui transpercent leurs constructions peut vous placer dans leur ligne de mire, sous leur regard parfois omnipr\u00e9sent.<\/p>\n\n\n\n<p>Nous reconnaissons la solidarit\u00e9 sous toutes ses formes \u2014 des connexions et amiti\u00e9s aux \u00e9changes d\u2019id\u00e9es et de dialogues, jusqu\u2019aux moments partag\u00e9s d\u2019attaque \u2014 nos camarades ne restent pas isol\u00e9-es, mais demeurent des parties vivantes et respirantes de nos luttes.<\/p>\n\n\n\n<p>En solidarit\u00e9 avec celles et ceux qui franchissent les murs des fronti\u00e8res, celles et ceux en fuite, en exil, dans les plus profondes chambres d\u2019isolement, celles et ceux qui sont mort-es en action, les criminalis\u00e9-es.<\/p>\n\n\n\n<p>Contre toutes les prisons!<\/p>\n\n\n\n<p><strong>Nous choisissons une vie de lutte et renforcons nos liens.<\/strong><\/p>\n\n\n\n<p><strong>Vous ne pouvez pas enterrer la force de la vie!<\/strong><\/p>\n","protected":false},"excerpt":{"rendered":"<p>Affiche \u00e0 imprimer en haute r\u00e9solution : Semaine internationale de solidarit\u00e9 avec les prisonnier-es anarchistes 2025 Nous vous appelons \u00e0 passer \u00e0 l\u2019action durant la Semaine de solidarit\u00e9 avec les prisonnier-es anarchistes!Envoyez-nous vos \u00e9v\u00e9nements et actions \u00e0 tillallarefree@riseup.net. Contre la soci\u00e9t\u00e9 carc\u00e9rale, cr\u00e9ons des liens En nous tenant \u00e0 l\u2019ext\u00e9rieur des prisons, nous sommes confront\u00e9-es [&hellip;]<\/p>\n","protected":false},"author":2,"featured_media":0,"parent":0,"menu_order":0,"comment_status":"closed","ping_status":"closed","template":"","meta":{"footnotes":""},"class_list":["post-3825","page","type-page","status-publish","hentry"],"_links":{"self":[{"href":"https:\/\/solidarity.international\/index.php\/wp-json\/wp\/v2\/pages\/3825","targetHints":{"allow":["GET"]}}],"collection":[{"href":"https:\/\/solidarity.international\/index.php\/wp-json\/wp\/v2\/pages"}],"about":[{"href":"https:\/\/solidarity.international\/index.php\/wp-json\/wp\/v2\/types\/page"}],"author":[{"embeddable":true,"href":"https:\/\/solidarity.international\/index.php\/wp-json\/wp\/v2\/users\/2"}],"replies":[{"embeddable":true,"href":"https:\/\/solidarity.international\/index.php\/wp-json\/wp\/v2\/comments?post=3825"}],"version-history":[{"count":1,"href":"https:\/\/solidarity.international\/index.php\/wp-json\/wp\/v2\/pages\/3825\/revisions"}],"predecessor-version":[{"id":3828,"href":"https:\/\/solidarity.international\/index.php\/wp-json\/wp\/v2\/pages\/3825\/revisions\/3828"}],"wp:attachment":[{"href":"https:\/\/solidarity.international\/index.php\/wp-json\/wp\/v2\/media?parent=3825"}],"curies":[{"name":"wp","href":"https:\/\/api.w.org\/{rel}","templated":true}]}}

Semaine internationale de solidarité avec les prisonnier-es anarchistes 2025 // 23 &#8211; 30 août 2025

<figure class="wp-block-image size-large"><img loading="lazy" decoding="async" width="745" height="1024" src="https://solidarity.international/wp-content/uploads/2025/08/WOSWAP2025_french_web-745x1024.jpg" alt="" class="wp-image-3826" srcset="https://solidarity.international/wp-content/uploads/2025/08/WOSWAP2025_french_web-745x1024.jpg 745w, https://solidarity.international/wp-content/uploads/2025/08/WOSWAP2025_french_web-218x300.jpg 218w, https://solidarity.international/wp-content/uploads/2025/08/WOSWAP2025_french_web-768x1056.jpg 768w, https://solidarity.international/wp-content/uploads/2025/08/WOSWAP2025_french_web.jpg 800w" sizes="auto, (max-width: 745px) 100vw, 745px" /></figure>



<hr class="wp-block-separator has-alpha-channel-opacity"/>



<p>Affiche à imprimer en haute résolution :</p>



<div class="wp-block-file"><a id="wp-block-file--media-763119d4-9b07-42f3-97f5-db4475a3da64" href="https://solidarity.international/wp-content/uploads/2025/08/WOSWAP2025_-French_print.pdf">WOSWAP2025_ French_print</a><a href="https://solidarity.international/wp-content/uploads/2025/08/WOSWAP2025_-French_print.pdf" class="wp-block-file__button wp-element-button" download aria-describedby="wp-block-file--media-763119d4-9b07-42f3-97f5-db4475a3da64">Download</a></div>



<hr class="wp-block-separator has-alpha-channel-opacity"/>



<h2 class="wp-block-heading"><strong><strong>Semaine internationale de solidarité avec les prisonnier-es anarchistes 2025</strong></strong></h2>



<p>Nous vous appelons à passer à l’action durant la Semaine de solidarité avec les prisonnier-es anarchistes!<br>Envoyez-nous vos événements et actions à tillallarefree@riseup.net.</p>



<p class="is-style-text-subtitle is-style-text-subtitle--1"><strong><strong>Contre la société carcérale, créons des liens</strong></strong></p>



<p>En nous tenant à l’extérieur des prisons, nous sommes confronté-es à la réalité brute de l’aliénation et de la séparation. Un mur, une clôture, des miradors, des caméras de surveillance, des boîtes de béton et des cages d’acier destinés à maintenir les accusé-es et les &#8220;coupables&#8221; séparé-es du reste de la société. Des concepts de réhabilitation et de repentance construits à partir d’idéologies étatiques tentent de conserver et sécuriser leur pouvoir, pour figer les territoires avec des identités nationales fixes et punir tout ce qui échappe à leurs notions de légalité, de progrès, de moralité et de valeur capitaliste. Mais le fait est que, dès que nous sommes devant les murs d&#8217;une&nbsp; prison, nous réalisons que c’est une construction tangible. C’est un mur, c’est du béton, c’est matériel. Ceux qui la font fonctionner sont des êtres vivants… Oui, les prisons nous isolent, mais elles nous isolent autant que nous les laissons faire, dès que nous les acceptons. Ceux qui sont à l’intérieur des boîtes ne peuvent pas oublier, car ils sont quotidiennement confronté-es à la dure réalité de la vie enfermée. Tant que les états existeront, il y aura des prisons, et nous nous retrouverons dans leurs murs.</p>



<p>C’est en faisant vivre la mémoire que nous poursuivons la lutte et la vie des camarades qui sont mort-es avant nous, que nous portons les idées et les actions de celleux qui sont séparé-es par des cages et du béton, créant continuité et connexion dans les actes infinis de résistance qui composent une vie en quête de liberté. Les prisons et les luttes qui s’y déroulent contribuent en permanence à cette mémoire collective de la résistance.</p>



<p>Que ce soit dans des dictatures totalitaires ou au cœur de la &#8220;social-démocratie&#8221; où la violence d’État prend une autre saveur, les États n’hésitent jamais à éteindre les foyers de subordination et de résistance, là où même le fait de porter des idées qui transpercent leurs constructions peut vous placer dans leur ligne de mire, sous leur regard parfois omniprésent.</p>



<p>Nous reconnaissons la solidarité sous toutes ses formes — des connexions et amitiés aux échanges d’idées et de dialogues, jusqu’aux moments partagés d’attaque — nos camarades ne restent pas isolé-es, mais demeurent des parties vivantes et respirantes de nos luttes.</p>



<p>En solidarité avec celles et ceux qui franchissent les murs des frontières, celles et ceux en fuite, en exil, dans les plus profondes chambres d’isolement, celles et ceux qui sont mort-es en action, les criminalisé-es.</p>



<p>Contre toutes les prisons!</p>



<p><strong>Nous choisissons une vie de lutte et renforcons nos liens.</strong></p>



<p><strong>Vous ne pouvez pas enterrer la force de la vie!</strong></p>

<p>Affiche à imprimer en haute résolution : Semaine internationale de solidarité avec les prisonnier-es anarchistes 2025 Nous vous appelons à passer à l’action durant la Semaine de solidarité avec les prisonnier-es anarchistes!Envoyez-nous vos événements et actions à tillallarefree@riseup.net. Contre la société carcérale, créons des liens En nous tenant à l’extérieur des prisons, nous sommes confronté-es [&hellip;]</p>
