{"id":3821,"date":"2025-08-08T14:42:08","date_gmt":"2025-08-08T12:42:08","guid":{"rendered":"https:\/\/solidarity.international\/?page_id=3821"},"modified":"2025-08-08T14:43:08","modified_gmt":"2025-08-08T12:43:08","slug":"semana-internacional-de-solidaridad-con-les-prisioneres-anarquistas-2025-23-30-agosto-2025","status":"publish","type":"page","link":"https:\/\/solidarity.international\/index.php\/semana-internacional-de-solidaridad-con-les-prisioneres-anarquistas-2025-23-30-agosto-2025\/","title":{"rendered":"Semana internacional de solidaridad con les prisioneres anarquistas 2025 \/\/ 23 &#8211; 30 agosto 2025"},"content":{"rendered":"\n<figure class=\"wp-block-image size-large\"><img loading=\"lazy\" decoding=\"async\" width=\"744\" height=\"1024\" src=\"https:\/\/solidarity.international\/wp-content\/uploads\/2025\/08\/WOSWAP2025_spanish_web-744x1024.jpg\" alt=\"\" class=\"wp-image-3822\" srcset=\"https:\/\/solidarity.international\/wp-content\/uploads\/2025\/08\/WOSWAP2025_spanish_web-744x1024.jpg 744w, https:\/\/solidarity.international\/wp-content\/uploads\/2025\/08\/WOSWAP2025_spanish_web-218x300.jpg 218w, https:\/\/solidarity.international\/wp-content\/uploads\/2025\/08\/WOSWAP2025_spanish_web-768x1057.jpg 768w, https:\/\/solidarity.international\/wp-content\/uploads\/2025\/08\/WOSWAP2025_spanish_web.jpg 787w\" sizes=\"auto, (max-width: 744px) 100vw, 744px\" \/><\/figure>\n\n\n\n<hr class=\"wp-block-separator has-alpha-channel-opacity\"\/>\n\n\n\n<p>Cartel para imprimir en alta resoluci\u00f3n:<\/p>\n\n\n\n<div class=\"wp-block-file\"><a id=\"wp-block-file--media-f38cb0b4-37e0-4432-bead-bf6938d33113\" href=\"https:\/\/solidarity.international\/wp-content\/uploads\/2025\/08\/WOSWAP2025_spanish_print.pdf\">WOSWAP2025_spanish_print<\/a><a href=\"https:\/\/solidarity.international\/wp-content\/uploads\/2025\/08\/WOSWAP2025_spanish_print.pdf\" class=\"wp-block-file__button wp-element-button\" download aria-describedby=\"wp-block-file--media-f38cb0b4-37e0-4432-bead-bf6938d33113\">Download<\/a><\/div>\n\n\n\n<hr class=\"wp-block-separator has-alpha-channel-opacity\"\/>\n\n\n\n<h2 class=\"wp-block-heading\"><strong>Semana internacional de solidaridad con les prisioneres anarquistas 2025.<\/strong><\/h2>\n\n\n\n<p>\u00a1Llamado a acciones durante la semana de solidaridad con les prisioneres anarquistas!<br>Env\u00edenos sus eventos y acciones a tillallarefree@riseup.net.<\/p>\n\n\n\n<p class=\"is-style-text-subtitle is-style-text-subtitle--1\"><strong>Contra la sociedad carcelaria, creemos v\u00ednculos.<\/strong><\/p>\n\n\n\n<p>Cuando nos paramos en el exterior de una prisi\u00f3n nos vemos confrontados con la dura realidad de la alienaci\u00f3n y separaci\u00f3n. Un muro, una valla, torres de vigilancia, c\u00e1maras de seguridad, cajas de hormig\u00f3n y jaulas de acero con el objetivo de de mantener a les acusades y culpables aislades del resto de la sociedad. Conceptos como rehabilitaci\u00f3n y arrepentimiento son construidos por las idiolog\u00edas de los estados con el fin de mantener y asegurar su poder, perpetuar territorios bajo una identidad nacional, as\u00ed como castigar a cualquiera que se salga de las ideas establecidas de lo que es legal, progreso o fuera de su moralidad y valores capitalistas. Pero el asunto es, una vez fuera de las murallas de la prisi\u00f3n, podemos darnos cuenta que no es m\u00e1s que una construcci\u00f3n tangible. Es un muro, es hormig\u00f3n, es materia. Aquelles que lo mantienen funcionando son seres vivos&#8230; Si, la prisi\u00f3n nos aisla, pero s\u00f3lo en la medida en que se lo permitimos. Tan pronto como olvidamos y aceptamos la separaci\u00f3n que se nos impone, los muros se vuelven fijos y permanentes. En tanto, aquelles que permanecen dentro no pueden olvidar, pues se enfrentan al dura realidad cotidiana de la vida encerrades. Mientras existan los Estados habr\u00e1 prisiones y nosotres estaremos dentro de sus muros.<\/p>\n\n\n\n<p>Es en la memoria&nbsp; de aquellos compa\u00f1eres que nos han precedido que mantenemos la lucha, hacemos perdurar&nbsp; las ideas y acciones de quienes se encuentran separados por jaulas y hormig\u00f3n; forjamos una continuidad y conexi\u00f3n en un sin fin de actos de resistencia que conforman una vida en b\u00fasqueda de la libertad. Las prisiones y las luchas que se llevan a cabo entre los muros son una contribuci\u00f3n constante a dicha memoria colectiva de resistencia.<\/p>\n\n\n\n<p>Tanto en la entra\u00f1as de las dictaduras totalitarias, como en el coraz\u00f3n de una &#8220;social democracia&#8221; donde la violencia del estado tiene un sabor diferente, todo estado busca apagar todo fuego de insubordinaci\u00f3n o resistencia. Incluso idea que van m\u00e1s all\u00e1 de sus constructos pueden situarte en su punto de mira, bajo su aparentemente omnipresente mirada.&nbsp;<\/p>\n\n\n\n<p>La solidaridad la podemos reconocer en m\u00faltiples formas. Desde las conexiones y amistades a los intercambios de ideas y di\u00e1logos, a los momentos de ataque compartidos. Nuestres compa\u00f1eres no se encuentra aislades, sino que son parte viva y activa en nuestras luchas.<\/p>\n\n\n\n<p>En solidaridad con todes aquelles que se escabullen entre los muros fronterizos, con les fugitives, con quienes est\u00e1n en el exilio y quienes est\u00e1n aislades en las m\u00e1s profundas c\u00e1maras de confinamiento solitario, as\u00ed como con aquelles que han muerto en acci\u00f3n o son criminalizades.<\/p>\n\n\n\n<p><strong>Contra todas las prisiones.<\/strong><\/p>\n\n\n\n<p><strong>Elegimos una vida de tensi\u00f3n e insubordinaci\u00f3n en b\u00fasqueda de una conexi\u00f3n real.<\/strong><\/p>\n\n\n\n<p><strong>\u00a1La fuerza de la vida no puede ser enterrada!<\/strong><\/p>\n","protected":false},"excerpt":{"rendered":"<p>Cartel para imprimir en alta resoluci\u00f3n: Semana internacional de solidaridad con les prisioneres anarquistas 2025. \u00a1Llamado a acciones durante la semana de solidaridad con les prisioneres anarquistas!Env\u00edenos sus eventos y acciones a tillallarefree@riseup.net. Contra la sociedad carcelaria, creemos v\u00ednculos. Cuando nos paramos en el exterior de una prisi\u00f3n nos vemos confrontados con la dura realidad [&hellip;]<\/p>\n","protected":false},"author":2,"featured_media":0,"parent":0,"menu_order":0,"comment_status":"closed","ping_status":"closed","template":"","meta":{"footnotes":""},"class_list":["post-3821","page","type-page","status-publish","hentry"],"_links":{"self":[{"href":"https:\/\/solidarity.international\/index.php\/wp-json\/wp\/v2\/pages\/3821","targetHints":{"allow":["GET"]}}],"collection":[{"href":"https:\/\/solidarity.international\/index.php\/wp-json\/wp\/v2\/pages"}],"about":[{"href":"https:\/\/solidarity.international\/index.php\/wp-json\/wp\/v2\/types\/page"}],"author":[{"embeddable":true,"href":"https:\/\/solidarity.international\/index.php\/wp-json\/wp\/v2\/users\/2"}],"replies":[{"embeddable":true,"href":"https:\/\/solidarity.international\/index.php\/wp-json\/wp\/v2\/comments?post=3821"}],"version-history":[{"count":1,"href":"https:\/\/solidarity.international\/index.php\/wp-json\/wp\/v2\/pages\/3821\/revisions"}],"predecessor-version":[{"id":3824,"href":"https:\/\/solidarity.international\/index.php\/wp-json\/wp\/v2\/pages\/3821\/revisions\/3824"}],"wp:attachment":[{"href":"https:\/\/solidarity.international\/index.php\/wp-json\/wp\/v2\/media?parent=3821"}],"curies":[{"name":"wp","href":"https:\/\/api.w.org\/{rel}","templated":true}]}}

<figure class="wp-block-image size-large"><img loading="lazy" decoding="async" width="744" height="1024" src="https://solidarity.international/wp-content/uploads/2025/08/WOSWAP2025_spanish_web-744x1024.jpg" alt="" class="wp-image-3822" srcset="https://solidarity.international/wp-content/uploads/2025/08/WOSWAP2025_spanish_web-744x1024.jpg 744w, https://solidarity.international/wp-content/uploads/2025/08/WOSWAP2025_spanish_web-218x300.jpg 218w, https://solidarity.international/wp-content/uploads/2025/08/WOSWAP2025_spanish_web-768x1057.jpg 768w, https://solidarity.international/wp-content/uploads/2025/08/WOSWAP2025_spanish_web.jpg 787w" sizes="auto, (max-width: 744px) 100vw, 744px" /></figure>



<hr class="wp-block-separator has-alpha-channel-opacity"/>



<p>Cartel para imprimir en alta resolución:</p>



<div class="wp-block-file"><a id="wp-block-file--media-f38cb0b4-37e0-4432-bead-bf6938d33113" href="https://solidarity.international/wp-content/uploads/2025/08/WOSWAP2025_spanish_print.pdf">WOSWAP2025_spanish_print</a><a href="https://solidarity.international/wp-content/uploads/2025/08/WOSWAP2025_spanish_print.pdf" class="wp-block-file__button wp-element-button" download aria-describedby="wp-block-file--media-f38cb0b4-37e0-4432-bead-bf6938d33113">Download</a></div>



<hr class="wp-block-separator has-alpha-channel-opacity"/>



<h2 class="wp-block-heading"><strong>Semana internacional de solidaridad con les prisioneres anarquistas 2025.</strong></h2>



<p>¡Llamado a acciones durante la semana de solidaridad con les prisioneres anarquistas!<br>Envíenos sus eventos y acciones a tillallarefree@riseup.net.</p>



<p class="is-style-text-subtitle is-style-text-subtitle--1"><strong>Contra la sociedad carcelaria, creemos vínculos.</strong></p>



<p>Cuando nos paramos en el exterior de una prisión nos vemos confrontados con la dura realidad de la alienación y separación. Un muro, una valla, torres de vigilancia, cámaras de seguridad, cajas de hormigón y jaulas de acero con el objetivo de de mantener a les acusades y culpables aislades del resto de la sociedad. Conceptos como rehabilitación y arrepentimiento son construidos por las idiologías de los estados con el fin de mantener y asegurar su poder, perpetuar territorios bajo una identidad nacional, así como castigar a cualquiera que se salga de las ideas establecidas de lo que es legal, progreso o fuera de su moralidad y valores capitalistas. Pero el asunto es, una vez fuera de las murallas de la prisión, podemos darnos cuenta que no es más que una construcción tangible. Es un muro, es hormigón, es materia. Aquelles que lo mantienen funcionando son seres vivos&#8230; Si, la prisión nos aisla, pero sólo en la medida en que se lo permitimos. Tan pronto como olvidamos y aceptamos la separación que se nos impone, los muros se vuelven fijos y permanentes. En tanto, aquelles que permanecen dentro no pueden olvidar, pues se enfrentan al dura realidad cotidiana de la vida encerrades. Mientras existan los Estados habrá prisiones y nosotres estaremos dentro de sus muros.</p>



<p>Es en la memoria&nbsp; de aquellos compañeres que nos han precedido que mantenemos la lucha, hacemos perdurar&nbsp; las ideas y acciones de quienes se encuentran separados por jaulas y hormigón; forjamos una continuidad y conexión en un sin fin de actos de resistencia que conforman una vida en búsqueda de la libertad. Las prisiones y las luchas que se llevan a cabo entre los muros son una contribución constante a dicha memoria colectiva de resistencia.</p>



<p>Tanto en la entrañas de las dictaduras totalitarias, como en el corazón de una &#8220;social democracia&#8221; donde la violencia del estado tiene un sabor diferente, todo estado busca apagar todo fuego de insubordinación o resistencia. Incluso idea que van más allá de sus constructos pueden situarte en su punto de mira, bajo su aparentemente omnipresente mirada.&nbsp;</p>



<p>La solidaridad la podemos reconocer en múltiples formas. Desde las conexiones y amistades a los intercambios de ideas y diálogos, a los momentos de ataque compartidos. Nuestres compañeres no se encuentra aislades, sino que son parte viva y activa en nuestras luchas.</p>



<p>En solidaridad con todes aquelles que se escabullen entre los muros fronterizos, con les fugitives, con quienes están en el exilio y quienes están aislades en las más profundas cámaras de confinamiento solitario, así como con aquelles que han muerto en acción o son criminalizades.</p>



<p><strong>Contra todas las prisiones.</strong></p>



<p><strong>Elegimos una vida de tensión e insubordinación en búsqueda de una conexión real.</strong></p>



<p><strong>¡La fuerza de la vida no puede ser enterrada!</strong></p>

<p>Cartel para imprimir en alta resolución: Semana internacional de solidaridad con les prisioneres anarquistas 2025. ¡Llamado a acciones durante la semana de solidaridad con les prisioneres anarquistas!Envíenos sus eventos y acciones a tillallarefree@riseup.net. Contra la sociedad carcelaria, creemos vínculos. Cuando nos paramos en el exterior de una prisión nos vemos confrontados con la dura realidad [&hellip;]</p>
