{"id":321,"date":"2017-08-05T12:42:38","date_gmt":"2017-08-05T10:42:38","guid":{"rendered":"http:\/\/solidarity.international\/?page_id=321"},"modified":"2017-08-05T12:42:38","modified_gmt":"2017-08-05T10:42:38","slug":"internationale-soli-woche-fur-anarchistische-gefangene","status":"publish","type":"page","link":"https:\/\/solidarity.international\/index.php\/internationale-soli-woche-fur-anarchistische-gefangene\/","title":{"rendered":"Internationale Soli-Woche f\u00fcr Anarchistische Gefangene"},"content":{"rendered":"<p>Vom 23. bis zum 30. August findet nun das f\u00fcnfte Jahr in Folge die internationale Soli-Woche f\u00fcr anarchistische Gefangene statt und wird kraftvoller denn je!<\/p>\n<p>Einige, aber lange nicht alle politischen Gefangenen werden derzeit unterst\u00fctzt. Die Unterst\u00fctzten sind gew\u00f6hnlich in autorit\u00e4re Formen von Politik involviert und nicht in Grassroot-Aktivit\u00e4ten. Anarchistische Gefangene sind trotz ihres oft langj\u00e4hrigen Aktivismus meist keine bekannten Menschen. Die Art und Weise, in der sie gegen Unterdr\u00fccker*innen und deren Taten k\u00e4mpfen folgen nicht immer den aktuellen Gesetzten in ihrer Region und werden daher von autorit\u00e4ren Institutionen verurteilt. Die gro\u00dfe Menge und Vielfalt and F\u00e4llen von anarchistischen Gefangenen ist f\u00fcr die meisten Menschen oft \u00fcberraschend.<\/p>\n<p>Wir haben entschieden, diese Zeit auf eine Woche auszudehnen, sodass es einfacher ist verschiedene Formen der Solidarit\u00e4t zu praktizieren, die einander unterst\u00fctzen k\u00f6nnen. Der Beginn der Woche wurde auf den 23. August gelegt, der Tag an dem Sacco und Vanzetti \u2013 zwei italienisch-amerikanische Anarchisten \u2013 1927 hingerichtet wurden. Sie wurden damals trotz kaum vorhandener Beweise wegen bewaffneten Raub\u00fcberfalls verurteilt und viele glauben, dass sie f\u00fcr ihre anarchistischen Perspektiven bestraft werden sollten.<\/p>\n<p>Ihr seid eingeladen euch zu beteiligen.<br \/>\nSolidarit\u00e4t kann in vielf\u00e4ltiger Weise ausgedr\u00fcckt werden.<\/p>\n<p>Bitte schickt uns eure Aktionen an tillallarefree@riseup.net. Ihr k\u00f6nnt eure Veranstaltungen auch bewerben, wir ver\u00f6ffentlichen sie auf unserer Website: https:\/\/solidarity.international\/.<br \/>\nAuf der Seite findet ihr auch Beispiele und Tipps f\u00fcr Aktionen und Unterst\u00fctzungsbriefe, Links zu Gefangenen Listen und mehr.<\/p>\n","protected":false},"excerpt":{"rendered":"<p>Vom 23. bis zum 30. August findet nun das f\u00fcnfte Jahr in Folge die internationale Soli-Woche f\u00fcr anarchistische Gefangene statt und wird kraftvoller denn je! Einige, aber lange nicht alle politischen Gefangenen werden derzeit unterst\u00fctzt. Die Unterst\u00fctzten sind gew\u00f6hnlich in autorit\u00e4re Formen von Politik involviert und nicht in Grassroot-Aktivit\u00e4ten. Anarchistische Gefangene sind trotz ihres oft [&hellip;]<\/p>\n","protected":false},"author":2,"featured_media":0,"parent":0,"menu_order":0,"comment_status":"closed","ping_status":"closed","template":"","meta":{"footnotes":""},"class_list":["post-321","page","type-page","status-publish","hentry"],"_links":{"self":[{"href":"https:\/\/solidarity.international\/index.php\/wp-json\/wp\/v2\/pages\/321","targetHints":{"allow":["GET"]}}],"collection":[{"href":"https:\/\/solidarity.international\/index.php\/wp-json\/wp\/v2\/pages"}],"about":[{"href":"https:\/\/solidarity.international\/index.php\/wp-json\/wp\/v2\/types\/page"}],"author":[{"embeddable":true,"href":"https:\/\/solidarity.international\/index.php\/wp-json\/wp\/v2\/users\/2"}],"replies":[{"embeddable":true,"href":"https:\/\/solidarity.international\/index.php\/wp-json\/wp\/v2\/comments?post=321"}],"version-history":[{"count":1,"href":"https:\/\/solidarity.international\/index.php\/wp-json\/wp\/v2\/pages\/321\/revisions"}],"predecessor-version":[{"id":329,"href":"https:\/\/solidarity.international\/index.php\/wp-json\/wp\/v2\/pages\/321\/revisions\/329"}],"wp:attachment":[{"href":"https:\/\/solidarity.international\/index.php\/wp-json\/wp\/v2\/media?parent=321"}],"curies":[{"name":"wp","href":"https:\/\/api.w.org\/{rel}","templated":true}]}}