{"id":319,"date":"2017-08-05T12:40:27","date_gmt":"2017-08-05T10:40:27","guid":{"rendered":"http:\/\/solidarity.international\/?page_id=319"},"modified":"2017-08-05T12:40:27","modified_gmt":"2017-08-05T10:40:27","slug":"call-out-for-an-international-week-for-anarchist-prisoners-2017-2","status":"publish","type":"page","link":"https:\/\/solidarity.international\/index.php\/call-out-for-an-international-week-for-anarchist-prisoners-2017-2\/","title":{"rendered":"Call out for an International Week for Anarchist Prisoners 2017"},"content":{"rendered":"<p>W tym roku w dniach 23-30 sierpnia po raz pi\u0105ty odb\u0119dzie si\u0119 Mi\u0119dzynarodowy tydzie\u0144 solidarno\u015bci z wi\u0119\u017aniami i wi\u0119\u017aniarkami anarchistycznymi, a my stajemy si\u0119 silniejsze ni\u017c kiedykolwiek!<\/p>\n<p>Wiadomo, \u017ce cz\u0119\u015b\u0107 z wi\u0119zionych z powod\u00f3w politycznych jest obj\u0119ta wsparciem. Ale nie wszystkie. Zazwyczaj dotyczy to tych, kt\u00f3re wyst\u0119puj\u0105 przeciwko w\u0142adzy autorytarnej, rzadko jednak oddolnie dzia\u0142aj\u0105ce aktywistki. Anarchistyczni wi\u0119\u017aniowie to cz\u0119sto osoby kompletnie nieznane, mimo wieloletniej dzia\u0142alno\u015bci polityczno-spo\u0142ecznej. Ich sposoby walki z uciskiem i niesprawiedliwo\u015bci\u0105 nie zawsze s\u0105 zgodne z liter\u0105 prawa obowi\u0105zuj\u0105cego pod dan\u0105 szeroko\u015bci\u0105 geograficzn\u0105, ale cz\u0119sto s\u0105 s\u0105dzone przez niedemokratyczne instytucje. Dla wielu jest wi\u0119c du\u017cym zaskoczeniem liczba i r\u00f3\u017cnorodno\u015b\u0107 spraw anarchistycznych wi\u0119\u017aniarek.<\/p>\n<p>Zdecydowali\u015bmy si\u0119 na wyb\u00f3r tygodnia aby w najprostszy spos\u00f3b umo\u017cliwi\u0107 wyra\u017cenie w mo\u017cliwie r\u00f3\u017cny spos\u00f3b solidarno\u015bci tak aby wsp\u00f3lnie si\u0119 wspiera\u0142y i uzupe\u0142nia\u0142y. Pocz\u0105tek zosta\u0142 wybrany ze wzgl\u0119du na dat\u0119 egzekucji w 1927 Sacco i Vanzettiego, dw\u00f3ch ameryka\u0144skich anarchist\u00f3w w\u0142oskiego pochodzenia. Zostali oni oskar\u017ceni a co wa\u017cniejsze skazani na podstawie poszlak i bez jakichkolwiek przekonywuj\u0105cych dowod\u00f3w co dla wielu stanowi dow\u00f3d na to, \u017ce kara by\u0142a wymierzona za anarchistyczne pogl\u0105dy.<\/p>\n<p>Zapraszamy<\/p>\n<p>Solidarno\u015b\u0107 mo\u017ce wyra\u017ca\u0107 si\u0119 w wielu formach.<\/p>\n<p>B\u0119dziemy wdzi\u0119czne je\u015bli podzielicie si\u0119 swoimi dzia\u0142aniami pod adresem: tillallarefree@riseup.net. Mo\u017cna zatem og\u0142osi\u0107 swoj\u0105 imprez\u0119 z wyprzedzeniem a my opublikujemy ja na naszej stronie: https:\/\/solidarity.international\/. Ze strony mo\u017cecie dowiedzie\u0107 si\u0119 r\u00f3wnie\u017c o przyk\u0142adowych dzia\u0142aniach i wskaz\u00f3wkach akcji solidarno\u015bciowych z osobami wi\u0119zionymi, ich list\u0119 i wiele wi\u0119cej.<\/p>\n","protected":false},"excerpt":{"rendered":"<p>W tym roku w dniach 23-30 sierpnia po raz pi\u0105ty odb\u0119dzie si\u0119 Mi\u0119dzynarodowy tydzie\u0144 solidarno\u015bci z wi\u0119\u017aniami i wi\u0119\u017aniarkami anarchistycznymi, a my stajemy si\u0119 silniejsze ni\u017c kiedykolwiek! Wiadomo, \u017ce cz\u0119\u015b\u0107 z wi\u0119zionych z powod\u00f3w politycznych jest obj\u0119ta wsparciem. Ale nie wszystkie. Zazwyczaj dotyczy to tych, kt\u00f3re wyst\u0119puj\u0105 przeciwko w\u0142adzy autorytarnej, rzadko jednak oddolnie dzia\u0142aj\u0105ce aktywistki. [&hellip;]<\/p>\n","protected":false},"author":2,"featured_media":0,"parent":0,"menu_order":0,"comment_status":"closed","ping_status":"closed","template":"","meta":{"footnotes":""},"class_list":["post-319","page","type-page","status-publish","hentry"],"_links":{"self":[{"href":"https:\/\/solidarity.international\/index.php\/wp-json\/wp\/v2\/pages\/319","targetHints":{"allow":["GET"]}}],"collection":[{"href":"https:\/\/solidarity.international\/index.php\/wp-json\/wp\/v2\/pages"}],"about":[{"href":"https:\/\/solidarity.international\/index.php\/wp-json\/wp\/v2\/types\/page"}],"author":[{"embeddable":true,"href":"https:\/\/solidarity.international\/index.php\/wp-json\/wp\/v2\/users\/2"}],"replies":[{"embeddable":true,"href":"https:\/\/solidarity.international\/index.php\/wp-json\/wp\/v2\/comments?post=319"}],"version-history":[{"count":1,"href":"https:\/\/solidarity.international\/index.php\/wp-json\/wp\/v2\/pages\/319\/revisions"}],"predecessor-version":[{"id":325,"href":"https:\/\/solidarity.international\/index.php\/wp-json\/wp\/v2\/pages\/319\/revisions\/325"}],"wp:attachment":[{"href":"https:\/\/solidarity.international\/index.php\/wp-json\/wp\/v2\/media?parent=319"}],"curies":[{"name":"wp","href":"https:\/\/api.w.org\/{rel}","templated":true}]}}