{"id":291,"date":"2017-07-16T20:36:04","date_gmt":"2017-07-16T18:36:04","guid":{"rendered":"http:\/\/solidarity.international\/?page_id=291"},"modified":"2018-09-08T18:49:38","modified_gmt":"2018-09-08T16:49:38","slug":"planned-public-events","status":"publish","type":"page","link":"https:\/\/solidarity.international\/index.php\/planned-public-events\/","title":{"rendered":"Planned public events"},"content":{"rendered":"<p>Here you will be able to find open public events for the week of solidarity. If you don&#8217;t find you country\/city here &#8211; ask around and maybe there is something happening around but not announced in the internet.<\/p>\n<h3 class=\"western\">Bristol, UK: Thursday 23.08. &#8211; 20:00<\/h3>\n<h3 class=\"western\">Hydra Bookshop (34 Old Market Street, BS2 0EZ)<\/h3>\n<h3 class=\"western\"><a name=\"seo_h1_tag\"><\/a><strong><a href=\"https:\/\/www.facebook.com\/events\/445522069184739\/\">Till All Are Free &#8211; poetry \/\/ music \/\/ info &#8211; Bristol ABC<\/a><\/strong><\/h3>\n<p>&nbsp;<\/p>\n<h3><strong>G\u00f6teborg, Sweden: Thursday 23.08. &#8211; 16.00<\/strong><\/h3>\n<h3><strong>Syndikalistiskt Forum, \u00d6vre Husargatan 27, 413 14 Gothenburg<\/strong><\/h3>\n<h3><a href=\"https:\/\/www.facebook.com\/events\/376401529561543\/\"><strong>Movie 17h, Food from 18h, tattoos all evening. Folkk\u00f6k + film!<\/strong><\/a><\/h3>\n<p>&nbsp;<\/p>\n<h3 class=\"western\"><strong>St. Petersburg, Russia: Friday 24.08. &#8211; 19:00<\/strong><\/h3>\n<h3 class=\"western\"><strong><a href=\"https:\/\/www.openstreetmap.org\/node\/5844817114\">\u041e\u0442\u043a\u0440\u044b\u0442\u043e\u0435 \u043f\u0440\u043e\u0441\u0442\u0440\u0430\u043d\u0441\u0442\u0432\u043e\/Open space (Dostoyevsky st., 34)<\/a><\/strong><\/h3>\n<h3 class=\"western\"><strong><a href=\"https:\/\/vk.com\/panthersolidarity\">Documentary movie screening &amp; benefit vegan burger night<\/a><\/strong><\/h3>\n<p>&nbsp;<\/p>\n<h3><strong>G\u00f6teborg, Sweden: <\/strong><strong>Friday 24.08. &#8211; 18:00<\/strong><\/h3>\n<h3><strong>Syndikalistiskt Forum, \u00d6vre Husargatan 27, 413 14 Gothenburg\u00a0<\/strong><\/h3>\n<h3><a href=\"https:\/\/www.facebook.com\/events\/772205562971547\/\">Workshop: anti-repression and digital self-defence<\/a><\/h3>\n<p>&nbsp;<\/p>\n<h3 class=\"western\"><strong>Hamilton, Canada: Saturday 25.08. &#8211; 15:00 &#8211; The Tower, 778 Barton St. East, Hamilton (Ontario) L8L 3B<\/strong><\/h3>\n<h3 class=\"western\"><a name=\"seo_h1_tag1\"><\/a><strong><a href=\"https:\/\/www.facebook.com\/events\/517006645415268\/\">Free Russian Anarchists! Solidarity Party<\/a><\/strong><\/h3>\n<p>&nbsp;<\/p>\n<h3 class=\"western\"><strong>Warsaw, Poland: Saturday, 25.08. <\/strong><\/h3>\n<h3 class=\"western\"><strong>Syrena Squat, Wilcza 30 street<\/strong><\/h3>\n<h3 class=\"western\"><strong>16:00-24:00 dj set in Syrena Squat backyard<br \/>\n18:00 Cafe Kryzys: meeting about the repressions with activists of &#8216;Oboz dla puszczy<\/strong><\/h3>\n<h3 class=\"western\"><a name=\"seo_h1_tag2\"><\/a><a href=\"https:\/\/www.facebook.com\/events\/439517256454745\/\">Spotkanie wok\u00f3\u0142 represji z Obozem dla Puszczy<\/a><\/h3>\n<p>&nbsp;<\/p>\n<h3><strong>Irkutsk, Russia: Saturday 25.08. &#8211; 19:00<\/strong><\/h3>\n<h3><strong><a href=\"https:\/\/black-square.space\/\">Black square infoshop,\u00a0<\/a>Ulitsa Tereshkovoy, 19<\/strong><\/h3>\n<h3><a href=\"https:\/\/vk.com\/event170140012\">Evening of solidarity with political prisoners. Screening of &#8220;Sacco and Vanzetti&#8221; and discussion<\/a><\/h3>\n<p>&nbsp;<\/p>\n<h3><strong>G\u00f6teborg, Sweden: S<\/strong><strong>aturday 25.08. &#8211; 19:00<\/strong><\/h3>\n<h3><a href=\"https:\/\/anarchistblackcrossgbg.blackblogs.org\/2018\/08\/23\/abc-fest-2018\/\">Click here for instruction how to find a place<\/a><\/h3>\n<h3><a href=\"https:\/\/www.facebook.com\/events\/206337853557130\/\"><strong>ABC-FEST 2018. Mini-festival with bands, distros and food.<\/strong><\/a><\/h3>\n<p>&nbsp;<\/p>\n<h3><strong>S\u00e3o Paulo, Brazil:: Saturday 25.08.<\/strong><\/h3>\n<h3><strong>Tia Estela Space, under so-called &#8220;Alc\u00e2ntara Machado Bridge&#8221;<\/strong><\/h3>\n<h3><strong>An Independent Materials Fair. <a href=\"https:\/\/325.nostate.net\/2018\/07\/18\/call-for-an-independent-materials-fair-activity-of-the-6th-international-week-for-anarchist-prisoners-brazil\/\">More info<\/a><\/strong><\/h3>\n<p>&nbsp;<\/p>\n<h3 class=\"western\"><strong>Leipzig, Germany: Sunday 26.08. &#8211; 19:00<\/strong><\/h3>\n<h3 class=\"western\"><strong>RhizomiA (Bennigsenstra\u00dfe &#8211; left side before the bridge\/ Torgauer Platz)<\/strong><\/h3>\n<h3 class=\"western\"><strong>Solidarity with LGBTIQ-prisoners \/ Letter-Writing-Workshop<\/strong><\/h3>\n<p>&nbsp;<\/p>\n<h3 class=\"western\"><strong>Warsaw, Poland: Sunday, 26.08. <\/strong><\/h3>\n<h3 class=\"western\"><strong>Syrena Squat, Wilcza 30 street<\/strong><\/h3>\n<h3 class=\"western\"><strong>19:00 writting a letters to prisoners <\/strong><br \/>\n<strong>21:00 film screening &#8216;Do not resist, backyard of Syrena Squat<\/strong><\/h3>\n<h3 class=\"western\"><a name=\"seo_h1_tag3\"><\/a><a href=\"https:\/\/www.facebook.com\/events\/526866264417331\/\">WOLNY KADR: Do not resist<\/a><\/h3>\n<p>&nbsp;<\/p>\n<h3 class=\"western\"><strong>Moscow, Russia: Sunday, 26.08. &#8211; 18:00.<\/strong><\/h3>\n<h3 class=\"western\"><strong><a href=\"https:\/\/vk.com\/tillarefreefnb\">Event by Food Not Bombs-Moscow collective at Sakharov Center, Zemlyanoy Val St., 57, house number 6. <\/a><\/strong><\/h3>\n<h3 class=\"western\"><strong><a href=\"https:\/\/avtonom.org\/news\/till-all-are-free-chitka-solidarnosti\">Tea and cookies, sharing stories of imprisoned freedom fighters, letter writing and presentation of a new zine about political prisoners.<\/a><\/strong><\/h3>\n<p>&nbsp;<\/p>\n<h3 class=\"western\"><strong>Prague, Czech republic: Tuesday 28.08. &#8211; 18:00<\/strong><\/h3>\n<h3 class=\"western\"><strong>Infoshop Sal\u00e9 (Orebitsk\u00e1 14, Praha 3 \u017di\u017ekov)<\/strong><\/h3>\n<h3 class=\"western\"><a href=\"https:\/\/radar.squat.net\/en\/event\/prague\/sale\/2018-08-28\/week-solidarity-anarchist-prisoners-letter-writing-night-infoshop-sale\">Letter writing night in infoshop Sal\u00e9<\/a><a name=\"seo_h1_tag4\"><\/a><\/h3>\n<p>&nbsp;<\/p>\n<h3><strong>New York, USA: Tuesday 28.08. &#8211; 19:00<\/strong><\/h3>\n<h3><strong><a href=\"http:\/\/thebasebk.org\">The Base<\/a> \u2013 <a href=\"https:\/\/goo.gl\/maps\/L3Dmt\" target=\"_blank\" rel=\"noopener\">1302 Myrtle Avenue<\/a> Brooklyn, New York 11221<\/strong><\/h3>\n<h3><a href=\"https:\/\/nycabc.wordpress.com\/2018\/08\/24\/intl_anarchist_2018\/\"><strong>Political Prisoner Letter Writing Dinner<\/strong><\/a><\/h3>\n<p>&nbsp;<\/p>\n<h3><strong>St. Petersburg, Russia: Tuesday 28.08. &#8211; 21:00<\/strong><\/h3>\n<h3><a href=\"https:\/\/vk.com\/tesnota.zone\"><strong>TESNOTA space &#8211; <span lang=\"en-US\">Golitsyn Loft, nab.reki Fontanka 20,<br \/>\n<\/span><span lang=\"en-US\">gray stair<\/span><span lang=\"en-US\">s<\/span><span lang=\"en-US\">, 4th floor, black door<\/span><\/strong><\/a><\/h3>\n<h3><strong><span lang=\"en-US\">Film screenings in support of the imprisoned anarchists. VICE documentary &#8220;MURDER, MAYHEM, AND MEDITATION&#8221;<\/span><\/strong><\/h3>\n<p>&nbsp;<\/p>\n<h3><strong>Prague, Czech republic: Wednesday 29.08. &#8211; 16:00<\/strong><\/h3>\n<h3><strong>KLINIKA squat (Jeseniova 60, Praha 3 \u017di\u017ekov)<\/strong><\/h3>\n<h3><a href=\"http:\/\/anarchistblackcross.cz\/2018\/08\/20\/beneficni-tetovacka-na-podporu-anarchistu-a-anarchistek-veznenych-v-rusku\/\"><strong>Benefit tattooes for anarchists imprisoned in Russia<\/strong><\/a><\/h3>\n<p>&nbsp;<\/p>\n<h3><strong>Wien, Austria: Wednesday 29.08. &#8211; 20:00<\/strong><\/h3>\n<h3><strong>Wagenplatz Treibstoff, Eichenstrasse 1A<\/strong><\/h3>\n<h3><a href=\"https:\/\/www.abc-wien.net\/?p=5408\"><strong>Infotalk for Week of Solidarity, Anarchist Black Cross &amp; Anarchist Defense\u00a0 Fund<\/strong><\/a><\/h3>\n<p>&nbsp;<\/p>\n<h3>Minsk, Belarus: Wednesday 29.08. &#8211; 19:00<\/h3>\n<h3>.Punkt space, Oktyabrskaya St., 23a, the 2nd floor<\/h3>\n<h3>Prosecution of anarchists, anti-fascists, the Left and social activists in Belarus (2017 August 2018)<\/h3>\n<p>&nbsp;<\/p>\n<h3><strong>St. Petersburg, Russia: Wednesday 29.08. &#8211; 21:00<\/strong><\/h3>\n<h3><a href=\"https:\/\/vk.com\/tesnota.zone\"><strong>TESNOTA space &#8211; <span lang=\"en-US\">Golitsyn Loft, nab.reki Fontanka 20,<br \/>\n<\/span><span lang=\"en-US\">gray stair<\/span><span lang=\"en-US\">s<\/span><span lang=\"en-US\">, 4th floor, black door<\/span><\/strong><\/a><\/h3>\n<h3><strong><span lang=\"en-US\">Film screenings in support of the imprisoned anarchists. <\/span><\/strong><span lang=\"en-US\">&#8220;<\/span>The Life of David Gale<span lang=\"en-US\">&#8220;<\/span><\/h3>\n<p>&nbsp;<\/p>\n<h3><\/h3>\n<h3><strong>Wien, Austira: Thursday 30.08. &#8211; 18:00<\/strong><\/h3>\n<h3><strong>Ernst Kirchweger Haus (EKH), Wielandgasse 2-4<\/strong><\/h3>\n<h3><strong><a href=\"https:\/\/www.abc-wien.net\/?p=5408\">Monthly last Thursday letter writing workshop and film screening <\/a><\/strong><\/h3>\n<p>&nbsp;<\/p>\n<h3><strong><span class=\"st\">Gie\u00dfen<\/span>, Germany: Thursday 30.08. &#8211; 20:00<\/strong><\/h3>\n<div class=\"_6a _6b\">\n<h3 class=\"_xkh\"><strong><a id=\"u_0_k\" class=\"_5xhk\" href=\"https:\/\/www.facebook.com\/AK44.Giessen\/\">AK44 Gie\u00dfen, Alter Wetzlarer Weg 44, 35392 Gie\u00dfen<\/a><\/strong><\/h3>\n<\/div>\n<h3><a href=\"https:\/\/z-upload.facebook.com\/events\/538009969987209\/\"><strong>Letter writing workshop for anarchist prisoners<\/strong> <\/a><\/h3>\n<p>&nbsp;<\/p>\n<h3><strong>Timisoara, Romania: Friday 31.08. &#8211; Saturday 01.09.2018<\/strong><\/h3>\n<h3><strong><a href=\"https:\/\/timisoaratattoocircus.noblogs.org\/locatie\/\">Ambasada, Strada Anton Seiller, Nr. 2, Timi\u0219oara, Romania<\/a><\/strong><\/h3>\n<h3><strong><a href=\"https:\/\/timisoaratattoocircus.noblogs.org\/2018-2\/\">Tattoo circus<\/a> <\/strong><\/h3>\n<p>&nbsp;<\/p>\n<h3><\/h3>\n<h3 class=\"western\"><strong>Warsaw, Poland: Saturday, 01.09. <\/strong><\/h3>\n<h3 class=\"western\"><strong>Syrena Squat, Wilcza 30 street<\/strong><\/h3>\n<h3 class=\"western\"><strong>19:00 OVERCOMING BURNOUT book release, benefit party, concerts and music, backyard of Syrena Squat<\/strong><\/h3>\n<h3 class=\"western\"><a name=\"seo_h1_tag5\"><\/a><a href=\"https:\/\/www.facebook.com\/events\/317905982119838\">Overcoming Burnout \/\/ Benefit Party<\/a><\/h3>\n<p>&nbsp;<\/p>\n","protected":false},"excerpt":{"rendered":"<p>Here you will be able to find open public events for the week of solidarity. If you don&#8217;t find you country\/city here &#8211; ask around and maybe there is something happening around but not announced in the internet. Bristol, UK: Thursday 23.08. &#8211; 20:00 Hydra Bookshop (34 Old Market Street, BS2 0EZ) Till All Are [&hellip;]<\/p>\n","protected":false},"author":2,"featured_media":0,"parent":0,"menu_order":0,"comment_status":"closed","ping_status":"closed","template":"","meta":{"footnotes":""},"class_list":["post-291","page","type-page","status-publish","hentry"],"_links":{"self":[{"href":"https:\/\/solidarity.international\/index.php\/wp-json\/wp\/v2\/pages\/291","targetHints":{"allow":["GET"]}}],"collection":[{"href":"https:\/\/solidarity.international\/index.php\/wp-json\/wp\/v2\/pages"}],"about":[{"href":"https:\/\/solidarity.international\/index.php\/wp-json\/wp\/v2\/types\/page"}],"author":[{"embeddable":true,"href":"https:\/\/solidarity.international\/index.php\/wp-json\/wp\/v2\/users\/2"}],"replies":[{"embeddable":true,"href":"https:\/\/solidarity.international\/index.php\/wp-json\/wp\/v2\/comments?post=291"}],"version-history":[{"count":37,"href":"https:\/\/solidarity.international\/index.php\/wp-json\/wp\/v2\/pages\/291\/revisions"}],"predecessor-version":[{"id":3364,"href":"https:\/\/solidarity.international\/index.php\/wp-json\/wp\/v2\/pages\/291\/revisions\/3364"}],"wp:attachment":[{"href":"https:\/\/solidarity.international\/index.php\/wp-json\/wp\/v2\/media?parent=291"}],"curies":[{"name":"wp","href":"https:\/\/api.w.org\/{rel}","templated":true}]}}