{"id":2103,"date":"2023-07-07T17:31:57","date_gmt":"2023-07-07T15:31:57","guid":{"rendered":"https:\/\/solidarity.international\/?page_id=2103"},"modified":"2023-07-07T17:31:58","modified_gmt":"2023-07-07T15:31:58","slug":"aufruf-zur-internationalen-woche-der-solidaritat-mit-anarchistischen-gefangenen-2023-23-30-august","status":"publish","type":"page","link":"https:\/\/solidarity.international\/index.php\/aufruf-zur-internationalen-woche-der-solidaritat-mit-anarchistischen-gefangenen-2023-23-30-august\/","title":{"rendered":"Aufruf zur Internationalen Woche der Solidarit\u00e4t mit Anarchistischen Gefangenen 2023 \/\/ 23. &#8211; 30. August"},"content":{"rendered":"\n<figure class=\"wp-block-image size-large\"><img loading=\"lazy\" decoding=\"async\" width=\"1024\" height=\"724\" src=\"https:\/\/solidarity.international\/wp-content\/uploads\/2023\/07\/plakat-de-web-1024x724.jpg\" alt=\"\" class=\"wp-image-2104\" srcset=\"https:\/\/solidarity.international\/wp-content\/uploads\/2023\/07\/plakat-de-web-1024x724.jpg 1024w, https:\/\/solidarity.international\/wp-content\/uploads\/2023\/07\/plakat-de-web-300x212.jpg 300w, https:\/\/solidarity.international\/wp-content\/uploads\/2023\/07\/plakat-de-web-768x543.jpg 768w, https:\/\/solidarity.international\/wp-content\/uploads\/2023\/07\/plakat-de-web-1536x1086.jpg 1536w, https:\/\/solidarity.international\/wp-content\/uploads\/2023\/07\/plakat-de-web-2048x1448.jpg 2048w, https:\/\/solidarity.international\/wp-content\/uploads\/2023\/07\/plakat-de-web-1600x1131.jpg 1600w, https:\/\/solidarity.international\/wp-content\/uploads\/2023\/07\/plakat-de-web-780x551.jpg 780w\" sizes=\"auto, (max-width: 1024px) 100vw, 1024px\" \/><\/figure>\n\n\n\n<hr class=\"wp-block-separator has-alpha-channel-opacity\"\/>\n\n\n\n<p>Die Welt steht in Flammen. Die Klimakrise wird immer schlimmer. Anstelle von Masken gegen Covid-19 m\u00fcssen Leute jetzt Masken gegen den Rauch von Waldbr\u00e4nden tragen. Gleichzeitig werden riesige Gebiete durch starke Regenf\u00e4lle \u00fcberflutet, die auf die kontinuierliche Belastung der Umwelt zur\u00fcckzuf\u00fchren sind. Nichts davon ist auf individuelle Entscheidungen der Menschen zur\u00fcckzuf\u00fchren. Es liegt nicht daran, dass jemand im Supermarkt das falsche Produkt kauft. Die Ursache liegt in der systematischen Ausbeutung von Natur und Mensch. Regierungen und Gro\u00dfkonzerne sind diejenigen, die uns in eine Klimakatastrophe steuern, die zum jetzigen Zeitpunkt unaufhaltsam zu sein scheint.<br>Regierungen und Gro\u00dfkonzerne, die eine Welt geschaffen haben, in der reiche Menschen mehr Wert sind als andere. Dies wurde besonders deutlich, als die Medien weltweit nichts Besseres zu tun hatten, als f\u00fcnf Tage lang \u00fcber ein verschwundenes U-Boot mit f\u00fcnf reichen Personen zu berichten, w\u00e4hrend Hunderte andere bei dem Versuch, sich eine Chance auf ein besseres Leben zu verschaffen, im Mittelmeer starben.<\/p>\n\n\n\n<p>Rechtsextreme, konservative und autorit\u00e4re Politik nimmt \u00fcberall auf der Welt zu. Einige nutzen sie, um Kriege anzuzetteln und Tausende von Menschen zu t\u00f6ten, andere bauen Z\u00e4une und bewachen das, was sie f\u00fcr ihr Eigentum halten, und wieder andere nutzen sie, um in der digitalen Welt aufzur\u00fcsten. Die \u00dcberwachung nimmt zu, und die Staaten dringen mehr und mehr in unsere Privatsph\u00e4re ein, analysieren unsere privaten Gespr\u00e4che und sammeln Daten \u00fcber uns in einer Detailtiefe, die wir uns nie h\u00e4tten vorstellen k\u00f6nnen. Die Werkzeuge des Staates zur Unterdr\u00fcckung von Widerstand, ja sogar zur Unterdr\u00fcckung der Idee, das System zu bek\u00e4mpfen, werden mit jeder Minute gesch\u00e4rft. Viele Anarchist*innen, Antiautorit\u00e4re, Umweltaktivist*innen und Antifaschist*innen auf der ganzen Welt sehen sich Repressionen ausgesetzt, weil es in einer digitalisierten Welt so schwierig ist wie nie zuvor, anonym zu agieren.<\/p>\n\n\n\n<p><strong>Trotz all der Hindernisse, die uns im Kampf f\u00fcr eine bessere Welt in den Weg gelegt werden, bleiben anarchistische Ideen und Werte wichtig.<\/strong> In Zeiten der Krise kommen Methoden der kollektiven Organisierung, der gegenseitigen Hilfe und das Prinzip der Solidarit\u00e4t zum tragen. Das System wird zusammenbrechen und wir sollten uns darauf vorbereiten, eine Welt zur\u00fcckzuerobern, die von Unternehmen, Yachtbesitzenden und der Kriegsindustrie gestohlen wurde. Eine Welt, die f\u00fcr alle gedacht war. Und w\u00e4hrend unsere Freund*innen hinter Gittern sitzen und Staaten versuchen, sie in den dunkelsten Ecken ihrer Gef\u00e4ngnisse zu verstecken, werden wir nicht stillhalten, sondern k\u00e4mpfen, bis sie wieder frei sind.<\/p>\n\n\n\n<p><strong>Lasst uns gemeinsam ausbrechen!<\/strong> <br>Deshalb rufen wir erneut zur Internationalen Woche der Solidarit\u00e4t mit anarchistischen Gefangenen auf. Macht eine Aktion der Solidarit\u00e4t! Schreibt Briefe, organisiert Reden oder Filmvorf\u00fchrungen, macht unsere Gef\u00e4hrt*innen auf der Stra\u00dfe mit einem Transparent oder einem Graffiti sichtbar und zeigt ihnen, dass sie in unseren Herzen sind und dass wir gemeinsam k\u00e4mpfen.<\/p>\n\n\n\n<p><strong>Erinnern wir uns an diejenigen, die gegen diese Ungerechtigkeit gek\u00e4mpft und mit ihrem Leben bezahlt haben.<br>No one is free, till all are free!<\/strong><\/p>\n","protected":false},"excerpt":{"rendered":"<p>Die Welt steht in Flammen. Die Klimakrise wird immer schlimmer. Anstelle von Masken gegen Covid-19 m\u00fcssen Leute jetzt Masken gegen den Rauch von Waldbr\u00e4nden tragen. Gleichzeitig werden riesige Gebiete durch starke Regenf\u00e4lle \u00fcberflutet, die auf die kontinuierliche Belastung der Umwelt zur\u00fcckzuf\u00fchren sind. Nichts davon ist auf individuelle Entscheidungen der Menschen zur\u00fcckzuf\u00fchren. Es liegt nicht daran, [&hellip;]<\/p>\n","protected":false},"author":2,"featured_media":0,"parent":0,"menu_order":0,"comment_status":"closed","ping_status":"closed","template":"","meta":{"footnotes":""},"class_list":["post-2103","page","type-page","status-publish","hentry"],"_links":{"self":[{"href":"https:\/\/solidarity.international\/index.php\/wp-json\/wp\/v2\/pages\/2103","targetHints":{"allow":["GET"]}}],"collection":[{"href":"https:\/\/solidarity.international\/index.php\/wp-json\/wp\/v2\/pages"}],"about":[{"href":"https:\/\/solidarity.international\/index.php\/wp-json\/wp\/v2\/types\/page"}],"author":[{"embeddable":true,"href":"https:\/\/solidarity.international\/index.php\/wp-json\/wp\/v2\/users\/2"}],"replies":[{"embeddable":true,"href":"https:\/\/solidarity.international\/index.php\/wp-json\/wp\/v2\/comments?post=2103"}],"version-history":[{"count":1,"href":"https:\/\/solidarity.international\/index.php\/wp-json\/wp\/v2\/pages\/2103\/revisions"}],"predecessor-version":[{"id":2105,"href":"https:\/\/solidarity.international\/index.php\/wp-json\/wp\/v2\/pages\/2103\/revisions\/2105"}],"wp:attachment":[{"href":"https:\/\/solidarity.international\/index.php\/wp-json\/wp\/v2\/media?parent=2103"}],"curies":[{"name":"wp","href":"https:\/\/api.w.org\/{rel}","templated":true}]}}