{"id":2100,"date":"2023-07-07T17:21:47","date_gmt":"2023-07-07T15:21:47","guid":{"rendered":"https:\/\/solidarity.international\/?page_id=2100"},"modified":"2023-07-07T17:21:50","modified_gmt":"2023-07-07T15:21:50","slug":"convocatoria-a-la-semana-internacional-de-solidaridad-con-lxs-prisionerxs-anarquistas-2023-23-30-agosto","status":"publish","type":"page","link":"https:\/\/solidarity.international\/index.php\/convocatoria-a-la-semana-internacional-de-solidaridad-con-lxs-prisionerxs-anarquistas-2023-23-30-agosto\/","title":{"rendered":"Convocatoria a la Semana Internacional de Solidaridad con lxs Prisionerxs Anarquistas\u00a0 2023 \/\/ 23 &#8211; 30 agosto"},"content":{"rendered":"\n<figure class=\"wp-block-image size-large\"><img loading=\"lazy\" decoding=\"async\" width=\"1024\" height=\"724\" src=\"https:\/\/solidarity.international\/wp-content\/uploads\/2023\/07\/plakat-es-web-1024x724.jpg\" alt=\"\" class=\"wp-image-2101\" srcset=\"https:\/\/solidarity.international\/wp-content\/uploads\/2023\/07\/plakat-es-web-1024x724.jpg 1024w, https:\/\/solidarity.international\/wp-content\/uploads\/2023\/07\/plakat-es-web-300x212.jpg 300w, https:\/\/solidarity.international\/wp-content\/uploads\/2023\/07\/plakat-es-web-768x543.jpg 768w, https:\/\/solidarity.international\/wp-content\/uploads\/2023\/07\/plakat-es-web-1536x1086.jpg 1536w, https:\/\/solidarity.international\/wp-content\/uploads\/2023\/07\/plakat-es-web-2048x1448.jpg 2048w, https:\/\/solidarity.international\/wp-content\/uploads\/2023\/07\/plakat-es-web-1600x1131.jpg 1600w, https:\/\/solidarity.international\/wp-content\/uploads\/2023\/07\/plakat-es-web-780x551.jpg 780w\" sizes=\"auto, (max-width: 1024px) 100vw, 1024px\" \/><\/figure>\n\n\n\n<hr class=\"wp-block-separator has-alpha-channel-opacity\"\/>\n\n\n\n<p>El mundo est\u00e1 en llamas. La crisis clim\u00e1tica es cada vez peor y en lugar de m\u00e1scaras contra el Covid-19, ahora la gente tiene que llevar m\u00e1scaras contra el humo de los incendios forestales. Al mismo tiempo, enormes zonas se inundan debido a las fuertes lluvias provocadas por la continua contaminaci\u00f3n del medio ambiente. Nada de esto se debe a las decisiones individuales de la gente. No se debe a la compra del producto equivocado en el supermercado, sino que la causa es la explotaci\u00f3n sistem\u00e1tica de la naturaleza y de la humanidad. Los gobiernos y las grandes corporaciones son los que nos est\u00e1n llevando a una cat\u00e1strofe clim\u00e1tica que, en este momento, parece imparable.<br>Gobiernos y grandes corporaciones que han creado un mundo en el que los ricos son m\u00e1s importantes que los dem\u00e1s. Esto fue especialmente visible mientras los medios de comunicaci\u00f3n mundiales no ten\u00edan nada mejor que hacer que hablar durante 5 d\u00edas sobre un submarino desaparecido lleno de 5 personas ricas, mientras cientos de otros est\u00e1n muriendo en el mar Mediterr\u00e1neo durante su intento de conseguir mejores oportunidades para su vida.<\/p>\n\n\n\n<p>Las pol\u00edticas de extrema derecha, conservadoras y autoritarias est\u00e1n aumentando en todo el mundo. Algunos las utilizan para iniciar guerras y matar a miles de personas, otros para construir vallas y vigilar lo que creen que es de su propiedad y otros para armarse en el mundo digital. La vigilancia aumenta y los Estados se meten cada vez m\u00e1s en nuestros espacios privados, analizan nuestras conversaciones privadas y recopilan datos sobre nosotrxs con una profundidad y detalle que nunca hubi\u00e9ramos imaginado. Las herramientas de los Estados para aplastar la resistencia, incluso la idea misma de luchar contra el sistema, se afilan a cada minuto. Muchxs anarquistas, antiautoritarixs, activistas medioambientales y antifascistas de todo el mundo se enfrentan a la represi\u00f3n porque actuar de forma an\u00f3nima en un mundo digitalizado es m\u00e1s dif\u00edcil que nunca.<\/p>\n\n\n\n<p><strong>Con todos los obst\u00e1culos que se nos ponen en el camino durante la lucha por un mundo mejor, las ideas y los valores anarquistas siguen siendo importantes.<\/strong> En tiempos de crisis empiezan a brillar los m\u00e9todos de organizaci\u00f3n colectiva, la ayuda mutua y el principio de solidaridad. El sistema se derrumbar\u00e1 y debemos prepararnos para recuperar un mundo que nos ha sido robado por las empresas, los propietarios de yates y la industria b\u00e9lica. Un mundo que estaba destinado a todos. Y mientras nuestros amigxs son puestxs entre rejas y los Estados intentan esconderlos en los rincones m\u00e1s oscuros de sus prisiones, nosotrxs no nos quedaremos quietos sino que lucharemos hasta que vuelvan a ser libres.<\/p>\n\n\n\n<p><strong>\u00a1Rompamos juntxs el cerco!<\/strong> <br>Por eso volvemos a convocar la Semana Internacional de Solidaridad con lxs Presxs Anarquistas. \u00a1Haz alguna acci\u00f3n solidaria! Escribe cartas, organiza discursos o proyecciones de pel\u00edculas, haz visibles a nuestrxs compa\u00f1erxs en las calles con una pancarta o una pintada y hazles ver que est\u00e1n en nuestros corazones y que luchamos juntxs.<\/p>\n\n\n\n<p><strong>Recordemos a quienes lucharon contra esta injusticia y pagaron con su vida.<br>\u00a1Nadie ser\u00e1 libre hasta que todxs lo seamos!<\/strong><\/p>\n","protected":false},"excerpt":{"rendered":"<p>El mundo est\u00e1 en llamas. La crisis clim\u00e1tica es cada vez peor y en lugar de m\u00e1scaras contra el Covid-19, ahora la gente tiene que llevar m\u00e1scaras contra el humo de los incendios forestales. Al mismo tiempo, enormes zonas se inundan debido a las fuertes lluvias provocadas por la continua contaminaci\u00f3n del medio ambiente. Nada [&hellip;]<\/p>\n","protected":false},"author":2,"featured_media":0,"parent":0,"menu_order":0,"comment_status":"closed","ping_status":"closed","template":"","meta":{"footnotes":""},"class_list":["post-2100","page","type-page","status-publish","hentry"],"_links":{"self":[{"href":"https:\/\/solidarity.international\/index.php\/wp-json\/wp\/v2\/pages\/2100","targetHints":{"allow":["GET"]}}],"collection":[{"href":"https:\/\/solidarity.international\/index.php\/wp-json\/wp\/v2\/pages"}],"about":[{"href":"https:\/\/solidarity.international\/index.php\/wp-json\/wp\/v2\/types\/page"}],"author":[{"embeddable":true,"href":"https:\/\/solidarity.international\/index.php\/wp-json\/wp\/v2\/users\/2"}],"replies":[{"embeddable":true,"href":"https:\/\/solidarity.international\/index.php\/wp-json\/wp\/v2\/comments?post=2100"}],"version-history":[{"count":1,"href":"https:\/\/solidarity.international\/index.php\/wp-json\/wp\/v2\/pages\/2100\/revisions"}],"predecessor-version":[{"id":2102,"href":"https:\/\/solidarity.international\/index.php\/wp-json\/wp\/v2\/pages\/2100\/revisions\/2102"}],"wp:attachment":[{"href":"https:\/\/solidarity.international\/index.php\/wp-json\/wp\/v2\/media?parent=2100"}],"curies":[{"name":"wp","href":"https:\/\/api.w.org\/{rel}","templated":true}]}}