{"id":1286,"date":"2020-04-16T22:45:16","date_gmt":"2020-04-16T20:45:16","guid":{"rendered":"http:\/\/solidarity.international\/?page_id=1286"},"modified":"2020-08-25T12:15:40","modified_gmt":"2020-08-25T10:15:40","slug":"miedzynarodowy-tydzien-solidarnosci-z-uwiezionymi-anarchist-k-ami-2020-23-30-sierpnia","status":"publish","type":"page","link":"https:\/\/solidarity.international\/index.php\/miedzynarodowy-tydzien-solidarnosci-z-uwiezionymi-anarchist-k-ami-2020-23-30-sierpnia\/","title":{"rendered":"Mi\u0119dzynarodowy Tydzie\u0144 Solidarno\u015bci z Uwi\u0119zionymi Anarchist.k.ami 2020 \/\/ 23-30 sierpnia"},"content":{"rendered":"\n<p>Nasza planeta wchodzi w now\u0105 dekad\u0119. Wraz z wzrostem znaczenia ruch\u00f3w prawicowych i powolnym upadkiem socjaldemokracji, spodziewamy si\u0119 w nadchodz\u0105cych latach intensywnej walki z pa\u0144stwem i kapitalizmem. A przecie\u017c ju\u017c teraz wielu anarchist\u00f3w i anarchistek siedzi w wi\u0119zieniach za udzia\u0142 w tej walce. Zapomniani przez libera\u0142\u00f3w z organizacji pozarz\u0105dowych zajmuj\u0105cych si\u0119 prawami cz\u0142owieka, ze wzgledu na to, \u017ce ich dzia\u0142ania by\u0142y &#8220;przemocowe&#8221;.<\/p>\n\n\n\n<p>Do\u015b\u0107 cz\u0119sto anarchi\u015bci i anarchistki otrzymuj\u0105 wyrazy solidarno\u015bci od spo\u0142eczno\u015bci, z kt\u00f3rej pochodz\u0105. W ko\u0144cu, kto mo\u017ce ci\u0119 lepiej wesprze\u0107, ni\u017c osoby uwi\u0119zione w tej samej n\u0119dzy wyzysku. Uwa\u017camy jednak, \u017ce odpowiedzialno\u015b\u0107 za wspieranie os\u00f3b, kt\u00f3re stoj\u0105 w obliczu represji w r\u00f3\u017cnych cz\u0119\u015bciach \u015bwiata, powinna spoczywa\u0107 nie tylko na barkach lokalnej spo\u0142eczno\u015bci, ale tak\u017ce na mi\u0119dzynarodowym ruchu anarchistycznym. Poprzez nasze dzia\u0142ania mo\u017cemy nie tylko przekazywa\u0107 \u015brodki finansowe do miejsc, w kt\u00f3rych s\u0105 potrzebne, ale tak\u017ce podtrzyma\u0107 ogie\u0144 w piersiach uwi\u0119zionych, wci\u0105\u017c p\u0142on\u0105cy dzi\u0119ki rewolucyjnej mi\u0142o\u015bci i akcjom bezpo\u015brednim!<\/p>\n\n\n\n<figure class=\"wp-block-image size-large\"><img loading=\"lazy\" decoding=\"async\" width=\"1024\" height=\"724\" src=\"https:\/\/solidarity.international\/wp-content\/uploads\/2020\/04\/2final_pl-1024x724.png\" alt=\"\" class=\"wp-image-1290\" srcset=\"https:\/\/solidarity.international\/wp-content\/uploads\/2020\/04\/2final_pl-1024x724.png 1024w, https:\/\/solidarity.international\/wp-content\/uploads\/2020\/04\/2final_pl-300x212.png 300w, https:\/\/solidarity.international\/wp-content\/uploads\/2020\/04\/2final_pl-768x543.png 768w, https:\/\/solidarity.international\/wp-content\/uploads\/2020\/04\/2final_pl-1536x1086.png 1536w, https:\/\/solidarity.international\/wp-content\/uploads\/2020\/04\/2final_pl-2048x1448.png 2048w, https:\/\/solidarity.international\/wp-content\/uploads\/2020\/04\/2final_pl-1200x849.png 1200w, https:\/\/solidarity.international\/wp-content\/uploads\/2020\/04\/2final_pl-1980x1400.png 1980w\" sizes=\"auto, (max-width: 1024px) 100vw, 1024px\" \/><\/figure>\n\n\n\n<p>Wzywamy was do akcji solidarno\u015bciowych z uwi\u0119zionymi anarchist.k.ami na ca\u0142ym \u015bwiecie. Pocz\u0105wszy od 23 sierpnia 2020 r. &#8211; dnia egzekucji Sacco i Vanzettiego &#8211; mo\u017cecie zrobi\u0107 absolutnie wszystko, a jedynym ograniczeniem niech b\u0119dzie wyobra\u017ania. Wcielcie w \u017cycie wasze wyobra\u017cenia i pomys\u0142y. Poka\u017cmy nasz\u0105 energi\u0119 i kolektywn\u0105 si\u0142\u0119 w rewolucyjnej walce!&nbsp;<\/p>\n\n\n\n<p><em>325<br>ACK Brighton<br>ACK Warszawa<br>ACK Drezno<br>ACK Bia\u0142oru\u015b<br>ACK Nowy York<br>Cempaka Collective<br>Anarchist Union of Afghanistan and Iran<\/em><br><em>anarchistnews.org<\/em><br>A-Radio Berlin<\/p>\n","protected":false},"excerpt":{"rendered":"<p>Nasza planeta wchodzi w now\u0105 dekad\u0119. Wraz z wzrostem znaczenia ruch\u00f3w prawicowych i powolnym upadkiem socjaldemokracji, spodziewamy si\u0119 w nadchodz\u0105cych latach intensywnej walki z pa\u0144stwem i kapitalizmem. A przecie\u017c ju\u017c teraz wielu anarchist\u00f3w i anarchistek siedzi w wi\u0119zieniach za udzia\u0142 w tej walce. Zapomniani przez libera\u0142\u00f3w z organizacji pozarz\u0105dowych zajmuj\u0105cych si\u0119 prawami cz\u0142owieka, ze wzgledu [&hellip;]<\/p>\n","protected":false},"author":2,"featured_media":777,"parent":0,"menu_order":0,"comment_status":"closed","ping_status":"closed","template":"","meta":{"footnotes":""},"class_list":["post-1286","page","type-page","status-publish","has-post-thumbnail","hentry"],"_links":{"self":[{"href":"https:\/\/solidarity.international\/index.php\/wp-json\/wp\/v2\/pages\/1286","targetHints":{"allow":["GET"]}}],"collection":[{"href":"https:\/\/solidarity.international\/index.php\/wp-json\/wp\/v2\/pages"}],"about":[{"href":"https:\/\/solidarity.international\/index.php\/wp-json\/wp\/v2\/types\/page"}],"author":[{"embeddable":true,"href":"https:\/\/solidarity.international\/index.php\/wp-json\/wp\/v2\/users\/2"}],"replies":[{"embeddable":true,"href":"https:\/\/solidarity.international\/index.php\/wp-json\/wp\/v2\/comments?post=1286"}],"version-history":[{"count":6,"href":"https:\/\/solidarity.international\/index.php\/wp-json\/wp\/v2\/pages\/1286\/revisions"}],"predecessor-version":[{"id":1398,"href":"https:\/\/solidarity.international\/index.php\/wp-json\/wp\/v2\/pages\/1286\/revisions\/1398"}],"wp:featuredmedia":[{"embeddable":true,"href":"https:\/\/solidarity.international\/index.php\/wp-json\/wp\/v2\/media\/777"}],"wp:attachment":[{"href":"https:\/\/solidarity.international\/index.php\/wp-json\/wp\/v2\/media?parent=1286"}],"curies":[{"name":"wp","href":"https:\/\/api.w.org\/{rel}","templated":true}]}}